{"id":1222,"date":"2020-04-26T14:18:05","date_gmt":"2020-04-26T11:18:05","guid":{"rendered":"http:\/\/markkuu.fi\/wordpress\/?page_id=1222"},"modified":"2021-08-30T23:19:50","modified_gmt":"2021-08-30T20:19:50","slug":"markkuun-etatapahtumat","status":"publish","type":"page","link":"https:\/\/markkuu.fi\/wordpress\/?page_id=1222","title":{"rendered":"markkuun et\u00e4tapahtumat"},"content":{"rendered":"\n<figure class=\"wp-block-image size-large\"><img loading=\"lazy\" decoding=\"async\" width=\"1024\" height=\"768\" src=\"http:\/\/markkuu.fi\/wordpress\/wp-content\/uploads\/2020\/04\/IMG_20200419_131708-1024x768.jpg\" alt=\"\" class=\"wp-image-1223\" srcset=\"https:\/\/markkuu.fi\/wordpress\/wp-content\/uploads\/2020\/04\/IMG_20200419_131708-1024x768.jpg 1024w, https:\/\/markkuu.fi\/wordpress\/wp-content\/uploads\/2020\/04\/IMG_20200419_131708-300x225.jpg 300w, https:\/\/markkuu.fi\/wordpress\/wp-content\/uploads\/2020\/04\/IMG_20200419_131708-768x576.jpg 768w, https:\/\/markkuu.fi\/wordpress\/wp-content\/uploads\/2020\/04\/IMG_20200419_131708-1536x1152.jpg 1536w, https:\/\/markkuu.fi\/wordpress\/wp-content\/uploads\/2020\/04\/IMG_20200419_131708-2048x1536.jpg 2048w\" sizes=\"auto, (max-width: 1024px) 100vw, 1024px\" \/><figcaption>Markkuun ensimm\u00e4iset et\u00e4porinat j\u00e4rjestettiin 19.4.2020.  <\/figcaption><\/figure>\n\n\n\n<p>Markkuulla ollaan ajan hermolla ja hy\u00f6dynnet\u00e4\u00e4n aktiivisesti my\u00f6s et\u00e4yhteyksi\u00e4 kyl\u00e4yhdistyksen toiminnassa! T\u00e4lt\u00e4 sivulta l\u00f6yd\u00e4t ajan tasalla olevat tiedot ja linkit kyl\u00e4yhdistyksen j\u00e4rjest\u00e4mist\u00e4 et\u00e4tilaisuuksista ja -tapahtumista. Tervetuloa mukaan!<\/p>\n\n\n\n<h2 class=\"wp-block-heading\">MARKKUU MUKANA POHJOIS-POHJANMAAN KYL\u00c4LLE ASUMAAN -ILLASSA 31.8.2021 KLO 18-20<\/h2>\n\n\n\n<p>Suomen Kyl\u00e4t j\u00e4rjest\u00e4\u00e4 yhteisty\u00f6ss\u00e4 maakunnallisten kyl\u00e4toimijoiden kanssa Kyl\u00e4lle asumaan \u2013iltoja, jotka tuovat verkon v\u00e4lityksell\u00e4 kylien el\u00e4m\u00e4n ja&nbsp;asumismahdollisuudet maallemuutosta kiinnostuneiden luokse.&nbsp;Tutustumisiltojen&nbsp;aikana&nbsp;3-4&nbsp;kyl\u00e4\u00e4&nbsp;samalta maantieteelliselt\u00e4&nbsp;alueelta&nbsp;esittelee yleis\u00f6lle&nbsp;kotikyl\u00e4\u00e4ns\u00e4&nbsp;omin sanoin, kuvin ja videoin.<\/p>\n\n\n\n<p>Markkuu on mukana 31.8.2021 j\u00e4rjestett\u00e4v\u00e4ss\u00e4 Pohjois-Pohjanmaan illassa kertomassa, millainen paikka Markkuu on asua ja el\u00e4\u00e4. Esittelemme kyl\u00e4n tunnelmaa ja syit\u00e4, jotka saavat meid\u00e4t viihtym\u00e4\u00e4n kyl\u00e4ll\u00e4. Lis\u00e4tietoja Kyl\u00e4lle asumaan -illoista sek\u00e4 esitysten tallenteet ja materiaalit l\u00f6ytyv\u00e4t <a href=\"https:\/\/suomenkylat.fi\/maalleasumaan-fi\/\" target=\"_blank\" rel=\"noreferrer noopener\">Maalle asumaan -sivuilta<\/a>.<\/p>\n\n\n\n<p><\/p>\n\n\n\n<h2 class=\"wp-block-heading\">LIS\u00c4TIENESTI\u00c4 KUUSENKERK\u00c4LL\u00c4 -TEAMS ET\u00c4INFO MA 27.4.2020 KLO 18-19<\/h2>\n\n\n\n<figure class=\"wp-block-image size-large\"><img loading=\"lazy\" decoding=\"async\" width=\"820\" height=\"312\" src=\"http:\/\/markkuu.fi\/wordpress\/wp-content\/uploads\/2020\/04\/fb-banneri-kuusenkerk\u00e4n-ker\u00e4yksest\u00e4.png\" alt=\"\" class=\"wp-image-1224\" srcset=\"https:\/\/markkuu.fi\/wordpress\/wp-content\/uploads\/2020\/04\/fb-banneri-kuusenkerk\u00e4n-ker\u00e4yksest\u00e4.png 820w, https:\/\/markkuu.fi\/wordpress\/wp-content\/uploads\/2020\/04\/fb-banneri-kuusenkerk\u00e4n-ker\u00e4yksest\u00e4-300x114.png 300w, https:\/\/markkuu.fi\/wordpress\/wp-content\/uploads\/2020\/04\/fb-banneri-kuusenkerk\u00e4n-ker\u00e4yksest\u00e4-768x292.png 768w\" sizes=\"auto, (max-width: 820px) 100vw, 820px\" \/><\/figure>\n\n\n\n<p>Markkuun Seudun Kyl\u00e4yhdistys ry j\u00e4rjest\u00e4\u00e4 yhteisty\u00f6ss\u00e4 <a href=\"https:\/\/www.metsakeskus.fi\/metsasta-monituotebisnesta\" target=\"_blank\" rel=\"noreferrer noopener\">Mets\u00e4st\u00e4 monituotebisnest\u00e4 -hankkeen <\/a>kanssa Lis\u00e4tienesti\u00e4 kuusenkerk\u00e4ll\u00e4 -infon et\u00e4yhteydell\u00e4. Kuusenkerk\u00e4n keruu sopii mainiosti lis\u00e4tienestiksi nuorisolle tai kelle tahansa meist\u00e4. T\u00e4rke\u00e4\u00e4 on muistaa, ett\u00e4 kuusenkerk\u00e4n ker\u00e4\u00e4miseen tarvitaan maanomistajan lupa.<br><br>Jos asia yht\u00e4\u00e4n kiinnostaa, kannattaa tulla kuulolle infoon! Infossa saat tietoa kuusenkerk\u00e4st\u00e4, sen k\u00e4yt\u00f6st\u00e4 ja tienestimahdollisuuksista. Mukana on kuusenkerkk\u00e4\u00e4 k\u00e4ytt\u00e4vi\u00e4 yrityksi\u00e4 sek\u00e4 asiantuntijat 4H:lta ja Mets\u00e4keskukselta.<\/p>\n\n\n\n<p>Et\u00e4infoon p\u00e4\u00e4set mukaan t\u00e4m\u00e4n <a href=\"https:\/\/teams.microsoft.com\/dl\/launcher\/launcher.html?url=%2f_%23%2fl%2fmeetup-join%2f19%3ameeting_MThmNzhhMzktYTg5Zi00OWQ4LTg4NTItOGNkMGZjOWFhNzU0%40thread.v2%2f0%3fcontext%3d%257b%2522Tid%2522%253a%2522397e0068-a975-4bab-83d4-c218d41452a2%2522%252c%2522Oid%2522%253a%252266262975-dacf-469a-b012-45a2b7bdbdb0%2522%257d%26CT%3d1587709905715%26OR%3dOutlook-Body%26CID%3d54BD04C8-219F-4E11-820E-49BF80B221A5%26anon%3dtrue&amp;type=meetup-join&amp;deeplinkId=2732a74c-3496-4318-be78-9925b854bbd2&amp;directDl=true&amp;msLaunch=true&amp;enableMobilePage=true&amp;suppressPrompt=true\">linkin<\/a> kautta. <\/p>\n\n\n\n<p>Jos et ole ennen Teamsia k\u00e4ytt\u00e4nyt, t\u00e4ss\u00e4p\u00e4 muutama vinkki: Linkki\u00e4 klikattuasi avautuu selainikkuna, siell\u00e4 kannattaa valita vaihtoehto &#8221;Liity sen sijaan verkossa&#8221;. Kokemusten perusteella Google Chrome ja Microsoft Edge toimii selaimista parhaiten. Seuraavaksi sinun t\u00e4ytyy antaa lupa mikrofonin ja kameran k\u00e4ytt\u00f6\u00f6n, eli paina &#8221;salli&#8221;.  Anna nimesi ja paina &#8221;liity nyt&#8221;. <\/p>\n\n\n\n<p>Linkki\u00e4 voit k\u00e4yd\u00e4 jo etuk\u00e4teen testaamassa. Mik\u00e4li liittymisess\u00e4 on ongelmia, laita s\u00e4hk\u00f6postia osoitteeseen miia.konttinen(at)4h.fi ja laitetaan kalenterikutsun kautta uutta osallistumislinkki\u00e4 tulemaan.<\/p>\n\n\n\n<p>HOX! K\u00e4ytet\u00e4\u00e4n mikrofonin mykistyst\u00e4 aina kun emme puhu ja livekuvaa jaetaan aina tarvittaessa vain sen hetken kun olet \u00e4\u00e4ness\u00e4. T\u00e4m\u00e4 siksi ett\u00e4 varmasti saadaan linjoilla t\u00e4rkein-eli \u00e4\u00e4ni kuulumaan kaikille.<\/p>\n\n\n\n<h2 class=\"wp-block-heading\">NUORTEN ET\u00c4IDEOINTI-ILTA KE 29.4.2020 KLO 18.30<\/h2>\n\n\n\n<figure class=\"wp-block-image size-large\"><img loading=\"lazy\" decoding=\"async\" width=\"1024\" height=\"1024\" src=\"http:\/\/markkuu.fi\/wordpress\/wp-content\/uploads\/2020\/04\/IMG-20200422-WA0000-1024x1024.jpg\" alt=\"\" class=\"wp-image-1225\" srcset=\"https:\/\/markkuu.fi\/wordpress\/wp-content\/uploads\/2020\/04\/IMG-20200422-WA0000.jpg 1024w, https:\/\/markkuu.fi\/wordpress\/wp-content\/uploads\/2020\/04\/IMG-20200422-WA0000-300x300.jpg 300w, https:\/\/markkuu.fi\/wordpress\/wp-content\/uploads\/2020\/04\/IMG-20200422-WA0000-150x150.jpg 150w, https:\/\/markkuu.fi\/wordpress\/wp-content\/uploads\/2020\/04\/IMG-20200422-WA0000-768x768.jpg 768w\" sizes=\"auto, (max-width: 1024px) 100vw, 1024px\" \/><\/figure>\n\n\n\n<p>Millaista nuorten toimintaa juuri sin\u00e4 haluaisit Markkuulle ja Tyrn\u00e4v\u00e4lle? Kiinnostaisiko kokkausilta kaveriporukalla, elokuvaillat ja muut vapaamuotoiset nuorten illat tai kansainv\u00e4linen toiminta? Vai joku ihan muu teid\u00e4n oma juttu? Tule mukaan ideoimaan ja hoksauta kaveriakin tulemaan kuulolle! Ilta on tarkoitettu kaikille tyrn\u00e4v\u00e4l\u00e4isille nuorille.<br><br>Aloite ideointi-iltaan on tullut nuorisolta ja illan p\u00e4\u00e4t\u00e4hti\u00e4 ovatkin nuoret \ud83d\ude42 Vierailevana esiintyj\u00e4n\u00e4 paikalla on Erja Simuna<a href=\"https:\/\/www.nousevarannikkoseutu.fi\/fi\/etusivu\" target=\"_blank\" rel=\"noreferrer noopener\"> Nouseva rannikkoseutu ry:st\u00e4<\/a>. Erja kertoo meille, mist\u00e4 illan aikana ideoitavaan toimintaan on mahdollista saada rahoitusta.<br><br>Nuorten et\u00e4ideointi-ilta j\u00e4rjestet\u00e4\u00e4n Jitsi Meet -sovelluksella. Mukaan iltaan p\u00e4\u00e4set t\u00e4m\u00e4n <a rel=\"noreferrer noopener\" href=\"https:\/\/meet.jit.si\/NuortenIdeointiIlta?fbclid=IwAR2gkUhiNAklTKSVd4_6SQ9bpBg1obekV-fEbKG-SbZ2MzmhxzJp39o_wCY\" target=\"_blank\">linkin<\/a> kautta ilman erillisi\u00e4 tunnuksia. Jos liityt mukaan tietokoneella, k\u00e4yt\u00e4 Chrome -selainta. Jos osallistut puhelimella, lataa etuk\u00e4teen puhelimeesi Jitsi Meet -sovellus.<\/p>\n","protected":false},"excerpt":{"rendered":"<p>Markkuulla ollaan ajan hermolla ja hy\u00f6dynnet\u00e4\u00e4n aktiivisesti my\u00f6s et\u00e4yhteyksi\u00e4 kyl\u00e4yhdistyksen toiminnassa! T\u00e4lt\u00e4 sivulta l\u00f6yd\u00e4t ajan tasalla olevat tiedot ja linkit kyl\u00e4yhdistyksen j\u00e4rjest\u00e4mist\u00e4 et\u00e4tilaisuuksista ja -tapahtumista. Tervetuloa mukaan! MARKKUU MUKANA POHJOIS-POHJANMAAN KYL\u00c4LLE ASUMAAN -ILLASSA 31.8.2021 KLO 18-20 Suomen Kyl\u00e4t j\u00e4rjest\u00e4\u00e4 yhteisty\u00f6ss\u00e4 maakunnallisten kyl\u00e4toimijoiden kanssa Kyl\u00e4lle asumaan \u2013iltoja, jotka tuovat verkon v\u00e4lityksell\u00e4 kylien el\u00e4m\u00e4n ja&nbsp;asumismahdollisuudet maallemuutosta kiinnostuneiden &hellip; <a href=\"https:\/\/markkuu.fi\/wordpress\/?page_id=1222\" class=\"more-link\">Jatka lukemista <span class=\"screen-reader-text\">markkuun et\u00e4tapahtumat<\/span> <span class=\"meta-nav\">&rarr;<\/span><\/a><\/p>\n","protected":false},"author":2,"featured_media":0,"parent":934,"menu_order":2,"comment_status":"closed","ping_status":"closed","template":"","meta":{"footnotes":""},"class_list":["post-1222","page","type-page","status-publish","hentry"],"_links":{"self":[{"href":"https:\/\/markkuu.fi\/wordpress\/index.php?rest_route=\/wp\/v2\/pages\/1222","targetHints":{"allow":["GET"]}}],"collection":[{"href":"https:\/\/markkuu.fi\/wordpress\/index.php?rest_route=\/wp\/v2\/pages"}],"about":[{"href":"https:\/\/markkuu.fi\/wordpress\/index.php?rest_route=\/wp\/v2\/types\/page"}],"author":[{"embeddable":true,"href":"https:\/\/markkuu.fi\/wordpress\/index.php?rest_route=\/wp\/v2\/users\/2"}],"replies":[{"embeddable":true,"href":"https:\/\/markkuu.fi\/wordpress\/index.php?rest_route=%2Fwp%2Fv2%2Fcomments&post=1222"}],"version-history":[{"count":6,"href":"https:\/\/markkuu.fi\/wordpress\/index.php?rest_route=\/wp\/v2\/pages\/1222\/revisions"}],"predecessor-version":[{"id":1521,"href":"https:\/\/markkuu.fi\/wordpress\/index.php?rest_route=\/wp\/v2\/pages\/1222\/revisions\/1521"}],"up":[{"embeddable":true,"href":"https:\/\/markkuu.fi\/wordpress\/index.php?rest_route=\/wp\/v2\/pages\/934"}],"wp:attachment":[{"href":"https:\/\/markkuu.fi\/wordpress\/index.php?rest_route=%2Fwp%2Fv2%2Fmedia&parent=1222"}],"curies":[{"name":"wp","href":"https:\/\/api.w.org\/{rel}","templated":true}]}}

markkuun etätapahtumat

<figure class="wp-block-image size-large"><img loading="lazy" decoding="async" width="1024" height="768" src="http://markkuu.fi/wordpress/wp-content/uploads/2020/04/IMG_20200419_131708-1024x768.jpg" alt="" class="wp-image-1223" srcset="https://markkuu.fi/wordpress/wp-content/uploads/2020/04/IMG_20200419_131708-1024x768.jpg 1024w, https://markkuu.fi/wordpress/wp-content/uploads/2020/04/IMG_20200419_131708-300x225.jpg 300w, https://markkuu.fi/wordpress/wp-content/uploads/2020/04/IMG_20200419_131708-768x576.jpg 768w, https://markkuu.fi/wordpress/wp-content/uploads/2020/04/IMG_20200419_131708-1536x1152.jpg 1536w, https://markkuu.fi/wordpress/wp-content/uploads/2020/04/IMG_20200419_131708-2048x1536.jpg 2048w" sizes="auto, (max-width: 1024px) 100vw, 1024px" /><figcaption>Markkuun ensimmäiset etäporinat järjestettiin 19.4.2020.  </figcaption></figure>



<p>Markkuulla ollaan ajan hermolla ja hyödynnetään aktiivisesti myös etäyhteyksiä kyläyhdistyksen toiminnassa! Tältä sivulta löydät ajan tasalla olevat tiedot ja linkit kyläyhdistyksen järjestämistä etätilaisuuksista ja -tapahtumista. Tervetuloa mukaan!</p>



<h2 class="wp-block-heading">MARKKUU MUKANA POHJOIS-POHJANMAAN KYLÄLLE ASUMAAN -ILLASSA 31.8.2021 KLO 18-20</h2>



<p>Suomen Kylät järjestää yhteistyössä maakunnallisten kylätoimijoiden kanssa Kylälle asumaan –iltoja, jotka tuovat verkon välityksellä kylien elämän ja&nbsp;asumismahdollisuudet maallemuutosta kiinnostuneiden luokse.&nbsp;Tutustumisiltojen&nbsp;aikana&nbsp;3-4&nbsp;kylää&nbsp;samalta maantieteelliseltä&nbsp;alueelta&nbsp;esittelee yleisölle&nbsp;kotikyläänsä&nbsp;omin sanoin, kuvin ja videoin.</p>



<p>Markkuu on mukana 31.8.2021 järjestettävässä Pohjois-Pohjanmaan illassa kertomassa, millainen paikka Markkuu on asua ja elää. Esittelemme kylän tunnelmaa ja syitä, jotka saavat meidät viihtymään kylällä. Lisätietoja Kylälle asumaan -illoista sekä esitysten tallenteet ja materiaalit löytyvät <a href="https://suomenkylat.fi/maalleasumaan-fi/" target="_blank" rel="noreferrer noopener">Maalle asumaan -sivuilta</a>.</p>



<p></p>



<h2 class="wp-block-heading">LISÄTIENESTIÄ KUUSENKERKÄLLÄ -TEAMS ETÄINFO MA 27.4.2020 KLO 18-19</h2>



<figure class="wp-block-image size-large"><img loading="lazy" decoding="async" width="820" height="312" src="http://markkuu.fi/wordpress/wp-content/uploads/2020/04/fb-banneri-kuusenkerkän-keräyksestä.png" alt="" class="wp-image-1224" srcset="https://markkuu.fi/wordpress/wp-content/uploads/2020/04/fb-banneri-kuusenkerkän-keräyksestä.png 820w, https://markkuu.fi/wordpress/wp-content/uploads/2020/04/fb-banneri-kuusenkerkän-keräyksestä-300x114.png 300w, https://markkuu.fi/wordpress/wp-content/uploads/2020/04/fb-banneri-kuusenkerkän-keräyksestä-768x292.png 768w" sizes="auto, (max-width: 820px) 100vw, 820px" /></figure>



<p>Markkuun Seudun Kyläyhdistys ry järjestää yhteistyössä <a href="https://www.metsakeskus.fi/metsasta-monituotebisnesta" target="_blank" rel="noreferrer noopener">Metsästä monituotebisnestä -hankkeen </a>kanssa Lisätienestiä kuusenkerkällä -infon etäyhteydellä. Kuusenkerkän keruu sopii mainiosti lisätienestiksi nuorisolle tai kelle tahansa meistä. Tärkeää on muistaa, että kuusenkerkän keräämiseen tarvitaan maanomistajan lupa.<br><br>Jos asia yhtään kiinnostaa, kannattaa tulla kuulolle infoon! Infossa saat tietoa kuusenkerkästä, sen käytöstä ja tienestimahdollisuuksista. Mukana on kuusenkerkkää käyttäviä yrityksiä sekä asiantuntijat 4H:lta ja Metsäkeskukselta.</p>



<p>Etäinfoon pääset mukaan tämän <a href="https://teams.microsoft.com/dl/launcher/launcher.html?url=%2f_%23%2fl%2fmeetup-join%2f19%3ameeting_MThmNzhhMzktYTg5Zi00OWQ4LTg4NTItOGNkMGZjOWFhNzU0%40thread.v2%2f0%3fcontext%3d%257b%2522Tid%2522%253a%2522397e0068-a975-4bab-83d4-c218d41452a2%2522%252c%2522Oid%2522%253a%252266262975-dacf-469a-b012-45a2b7bdbdb0%2522%257d%26CT%3d1587709905715%26OR%3dOutlook-Body%26CID%3d54BD04C8-219F-4E11-820E-49BF80B221A5%26anon%3dtrue&amp;type=meetup-join&amp;deeplinkId=2732a74c-3496-4318-be78-9925b854bbd2&amp;directDl=true&amp;msLaunch=true&amp;enableMobilePage=true&amp;suppressPrompt=true">linkin</a> kautta. </p>



<p>Jos et ole ennen Teamsia käyttänyt, tässäpä muutama vinkki: Linkkiä klikattuasi avautuu selainikkuna, siellä kannattaa valita vaihtoehto &#8221;Liity sen sijaan verkossa&#8221;. Kokemusten perusteella Google Chrome ja Microsoft Edge toimii selaimista parhaiten. Seuraavaksi sinun täytyy antaa lupa mikrofonin ja kameran käyttöön, eli paina &#8221;salli&#8221;.  Anna nimesi ja paina &#8221;liity nyt&#8221;. </p>



<p>Linkkiä voit käydä jo etukäteen testaamassa. Mikäli liittymisessä on ongelmia, laita sähköpostia osoitteeseen miia.konttinen(at)4h.fi ja laitetaan kalenterikutsun kautta uutta osallistumislinkkiä tulemaan.</p>



<p>HOX! Käytetään mikrofonin mykistystä aina kun emme puhu ja livekuvaa jaetaan aina tarvittaessa vain sen hetken kun olet äänessä. Tämä siksi että varmasti saadaan linjoilla tärkein-eli ääni kuulumaan kaikille.</p>



<h2 class="wp-block-heading">NUORTEN ETÄIDEOINTI-ILTA KE 29.4.2020 KLO 18.30</h2>



<figure class="wp-block-image size-large"><img loading="lazy" decoding="async" width="1024" height="1024" src="http://markkuu.fi/wordpress/wp-content/uploads/2020/04/IMG-20200422-WA0000-1024x1024.jpg" alt="" class="wp-image-1225" srcset="https://markkuu.fi/wordpress/wp-content/uploads/2020/04/IMG-20200422-WA0000.jpg 1024w, https://markkuu.fi/wordpress/wp-content/uploads/2020/04/IMG-20200422-WA0000-300x300.jpg 300w, https://markkuu.fi/wordpress/wp-content/uploads/2020/04/IMG-20200422-WA0000-150x150.jpg 150w, https://markkuu.fi/wordpress/wp-content/uploads/2020/04/IMG-20200422-WA0000-768x768.jpg 768w" sizes="auto, (max-width: 1024px) 100vw, 1024px" /></figure>



<p>Millaista nuorten toimintaa juuri sinä haluaisit Markkuulle ja Tyrnävälle? Kiinnostaisiko kokkausilta kaveriporukalla, elokuvaillat ja muut vapaamuotoiset nuorten illat tai kansainvälinen toiminta? Vai joku ihan muu teidän oma juttu? Tule mukaan ideoimaan ja hoksauta kaveriakin tulemaan kuulolle! Ilta on tarkoitettu kaikille tyrnäväläisille nuorille.<br><br>Aloite ideointi-iltaan on tullut nuorisolta ja illan päätähtiä ovatkin nuoret 🙂 Vierailevana esiintyjänä paikalla on Erja Simuna<a href="https://www.nousevarannikkoseutu.fi/fi/etusivu" target="_blank" rel="noreferrer noopener"> Nouseva rannikkoseutu ry:stä</a>. Erja kertoo meille, mistä illan aikana ideoitavaan toimintaan on mahdollista saada rahoitusta.<br><br>Nuorten etäideointi-ilta järjestetään Jitsi Meet -sovelluksella. Mukaan iltaan pääset tämän <a rel="noreferrer noopener" href="https://meet.jit.si/NuortenIdeointiIlta?fbclid=IwAR2gkUhiNAklTKSVd4_6SQ9bpBg1obekV-fEbKG-SbZ2MzmhxzJp39o_wCY" target="_blank">linkin</a> kautta ilman erillisiä tunnuksia. Jos liityt mukaan tietokoneella, käytä Chrome -selainta. Jos osallistut puhelimella, lataa etukäteen puhelimeesi Jitsi Meet -sovellus.</p>

<p>Markkuulla ollaan ajan hermolla ja hyödynnetään aktiivisesti myös etäyhteyksiä kyläyhdistyksen toiminnassa! Tältä sivulta löydät ajan tasalla olevat tiedot ja linkit kyläyhdistyksen järjestämistä etätilaisuuksista ja -tapahtumista. Tervetuloa mukaan! MARKKUU MUKANA POHJOIS-POHJANMAAN KYLÄLLE ASUMAAN -ILLASSA 31.8.2021 KLO 18-20 Suomen Kylät järjestää yhteistyössä maakunnallisten kylätoimijoiden kanssa Kylälle asumaan –iltoja, jotka tuovat verkon välityksellä kylien elämän ja&nbsp;asumismahdollisuudet maallemuutosta kiinnostuneiden &hellip; <a href="https://markkuu.fi/wordpress/?page_id=1222" class="more-link">Jatka lukemista <span class="screen-reader-text">markkuun etätapahtumat</span> <span class="meta-nav">&rarr;</span></a></p>
