{"id":1332,"date":"2020-10-18T21:06:23","date_gmt":"2020-10-18T18:06:23","guid":{"rendered":"http:\/\/markkuu.fi\/wordpress\/?page_id=1332"},"modified":"2021-05-03T00:53:23","modified_gmt":"2021-05-02T21:53:23","slug":"lehtokasvillisuus","status":"publish","type":"page","link":"https:\/\/markkuu.fi\/wordpress\/?page_id=1332","title":{"rendered":"Lehdot"},"content":{"rendered":"\n<figure class=\"wp-block-image size-large\"><a href=\"http:\/\/markkuu.fi\/wordpress\/wp-content\/uploads\/2021\/03\/1_Rauhionojansuun_tulvametsia_kevatasussa_Marika_Laurila-scaled.jpg\"><img loading=\"lazy\" decoding=\"async\" width=\"1024\" height=\"768\" src=\"http:\/\/markkuu.fi\/wordpress\/wp-content\/uploads\/2021\/03\/1_Rauhionojansuun_tulvametsia_kevatasussa_Marika_Laurila-1024x768.jpg\" alt=\"\" class=\"wp-image-1446\" srcset=\"https:\/\/markkuu.fi\/wordpress\/wp-content\/uploads\/2021\/03\/1_Rauhionojansuun_tulvametsia_kevatasussa_Marika_Laurila-1024x768.jpg 1024w, https:\/\/markkuu.fi\/wordpress\/wp-content\/uploads\/2021\/03\/1_Rauhionojansuun_tulvametsia_kevatasussa_Marika_Laurila-300x225.jpg 300w, https:\/\/markkuu.fi\/wordpress\/wp-content\/uploads\/2021\/03\/1_Rauhionojansuun_tulvametsia_kevatasussa_Marika_Laurila-768x576.jpg 768w, https:\/\/markkuu.fi\/wordpress\/wp-content\/uploads\/2021\/03\/1_Rauhionojansuun_tulvametsia_kevatasussa_Marika_Laurila-1536x1152.jpg 1536w, https:\/\/markkuu.fi\/wordpress\/wp-content\/uploads\/2021\/03\/1_Rauhionojansuun_tulvametsia_kevatasussa_Marika_Laurila-2048x1536.jpg 2048w\" sizes=\"auto, (max-width: 1024px) 100vw, 1024px\" \/><\/a><figcaption>Rauhionojansuun tulvametsi\u00e4 kev\u00e4tasussa. Kuva Marika Laurila.<\/figcaption><\/figure>\n\n\n\n<figure class=\"wp-block-image size-large\"><a href=\"http:\/\/markkuu.fi\/wordpress\/wp-content\/uploads\/2021\/03\/9_Tulvametsaa-lehtoa_Keskusojan_varrella_kesa_MLaurila-scaled.jpg\"><img loading=\"lazy\" decoding=\"async\" width=\"1024\" height=\"768\" src=\"http:\/\/markkuu.fi\/wordpress\/wp-content\/uploads\/2021\/03\/9_Tulvametsaa-lehtoa_Keskusojan_varrella_kesa_MLaurila-1024x768.jpg\" alt=\"\" class=\"wp-image-1436\" srcset=\"https:\/\/markkuu.fi\/wordpress\/wp-content\/uploads\/2021\/03\/9_Tulvametsaa-lehtoa_Keskusojan_varrella_kesa_MLaurila-1024x768.jpg 1024w, https:\/\/markkuu.fi\/wordpress\/wp-content\/uploads\/2021\/03\/9_Tulvametsaa-lehtoa_Keskusojan_varrella_kesa_MLaurila-300x225.jpg 300w, https:\/\/markkuu.fi\/wordpress\/wp-content\/uploads\/2021\/03\/9_Tulvametsaa-lehtoa_Keskusojan_varrella_kesa_MLaurila-768x576.jpg 768w, https:\/\/markkuu.fi\/wordpress\/wp-content\/uploads\/2021\/03\/9_Tulvametsaa-lehtoa_Keskusojan_varrella_kesa_MLaurila-1536x1152.jpg 1536w, https:\/\/markkuu.fi\/wordpress\/wp-content\/uploads\/2021\/03\/9_Tulvametsaa-lehtoa_Keskusojan_varrella_kesa_MLaurila-2048x1536.jpg 2048w\" sizes=\"auto, (max-width: 1024px) 100vw, 1024px\" \/><\/a><figcaption>Kes\u00e4ist\u00e4 tulvamets\u00e4\u00e4 &#8211; lehtoa Keskusojan varrella. Kuva Marika Laurila.<\/figcaption><\/figure>\n\n\n\n<h2 class=\"wp-block-heading\">Rehevien jokivarsilehtojen lajikirjo yll\u00e4tt\u00e4\u00e4<\/h2>\n\n\n\n<figure class=\"wp-block-gallery columns-1 is-cropped wp-block-gallery-1 is-layout-flex wp-block-gallery-is-layout-flex\"><ul class=\"blocks-gallery-grid\"><li class=\"blocks-gallery-item\"><figure><a href=\"http:\/\/markkuu.fi\/wordpress\/wp-content\/uploads\/2021\/03\/8_Kesakuiset_suo-orvokit_Rauhionojan_lehdossa_Marika_Laurila-scaled.jpg\"><img loading=\"lazy\" decoding=\"async\" width=\"1024\" height=\"768\" src=\"http:\/\/markkuu.fi\/wordpress\/wp-content\/uploads\/2021\/03\/8_Kesakuiset_suo-orvokit_Rauhionojan_lehdossa_Marika_Laurila-1024x768.jpg\" alt=\"\" data-id=\"1439\" data-full-url=\"http:\/\/markkuu.fi\/wordpress\/wp-content\/uploads\/2021\/03\/8_Kesakuiset_suo-orvokit_Rauhionojan_lehdossa_Marika_Laurila-scaled.jpg\" data-link=\"http:\/\/markkuu.fi\/wordpress\/?attachment_id=1439\" class=\"wp-image-1439\" srcset=\"https:\/\/markkuu.fi\/wordpress\/wp-content\/uploads\/2021\/03\/8_Kesakuiset_suo-orvokit_Rauhionojan_lehdossa_Marika_Laurila-1024x768.jpg 1024w, https:\/\/markkuu.fi\/wordpress\/wp-content\/uploads\/2021\/03\/8_Kesakuiset_suo-orvokit_Rauhionojan_lehdossa_Marika_Laurila-300x225.jpg 300w, https:\/\/markkuu.fi\/wordpress\/wp-content\/uploads\/2021\/03\/8_Kesakuiset_suo-orvokit_Rauhionojan_lehdossa_Marika_Laurila-768x576.jpg 768w, https:\/\/markkuu.fi\/wordpress\/wp-content\/uploads\/2021\/03\/8_Kesakuiset_suo-orvokit_Rauhionojan_lehdossa_Marika_Laurila-1536x1152.jpg 1536w, https:\/\/markkuu.fi\/wordpress\/wp-content\/uploads\/2021\/03\/8_Kesakuiset_suo-orvokit_Rauhionojan_lehdossa_Marika_Laurila-2048x1536.jpg 2048w\" sizes=\"auto, (max-width: 1024px) 100vw, 1024px\" \/><\/a><figcaption class=\"blocks-gallery-item__caption\">Kes\u00e4kuiset suo-orvokit Rauhionojan lehdossa. Kuva Marika Laurila.<\/figcaption><\/figure><\/li><li class=\"blocks-gallery-item\"><figure><a href=\"http:\/\/markkuu.fi\/wordpress\/wp-content\/uploads\/2021\/03\/3_Sudenmarja_supullaan_Marika_Laurila-scaled.jpg\"><img loading=\"lazy\" decoding=\"async\" width=\"768\" height=\"1024\" src=\"http:\/\/markkuu.fi\/wordpress\/wp-content\/uploads\/2021\/03\/3_Sudenmarja_supullaan_Marika_Laurila-768x1024.jpg\" alt=\"\" data-id=\"1445\" data-full-url=\"http:\/\/markkuu.fi\/wordpress\/wp-content\/uploads\/2021\/03\/3_Sudenmarja_supullaan_Marika_Laurila-scaled.jpg\" data-link=\"http:\/\/markkuu.fi\/wordpress\/?attachment_id=1445\" class=\"wp-image-1445\" srcset=\"https:\/\/markkuu.fi\/wordpress\/wp-content\/uploads\/2021\/03\/3_Sudenmarja_supullaan_Marika_Laurila-768x1024.jpg 768w, https:\/\/markkuu.fi\/wordpress\/wp-content\/uploads\/2021\/03\/3_Sudenmarja_supullaan_Marika_Laurila-225x300.jpg 225w, https:\/\/markkuu.fi\/wordpress\/wp-content\/uploads\/2021\/03\/3_Sudenmarja_supullaan_Marika_Laurila-1152x1536.jpg 1152w, https:\/\/markkuu.fi\/wordpress\/wp-content\/uploads\/2021\/03\/3_Sudenmarja_supullaan_Marika_Laurila-1536x2048.jpg 1536w, https:\/\/markkuu.fi\/wordpress\/wp-content\/uploads\/2021\/03\/3_Sudenmarja_supullaan_Marika_Laurila-scaled.jpg 1920w\" sizes=\"auto, (max-width: 768px) 100vw, 768px\" \/><\/a><figcaption class=\"blocks-gallery-item__caption\">Sudenmarja supullaan. Kuva Marika Laurila.<\/figcaption><\/figure><\/li><li class=\"blocks-gallery-item\"><figure><a href=\"http:\/\/markkuu.fi\/wordpress\/wp-content\/uploads\/2021\/03\/6_Nasia_kukkii_Keskusojan_varrella_Marika_Laurila-scaled.jpg\"><img loading=\"lazy\" decoding=\"async\" width=\"768\" height=\"1024\" src=\"http:\/\/markkuu.fi\/wordpress\/wp-content\/uploads\/2021\/03\/6_Nasia_kukkii_Keskusojan_varrella_Marika_Laurila-768x1024.jpg\" alt=\"\" data-id=\"1440\" data-full-url=\"http:\/\/markkuu.fi\/wordpress\/wp-content\/uploads\/2021\/03\/6_Nasia_kukkii_Keskusojan_varrella_Marika_Laurila-scaled.jpg\" data-link=\"http:\/\/markkuu.fi\/wordpress\/?attachment_id=1440\" class=\"wp-image-1440\" srcset=\"https:\/\/markkuu.fi\/wordpress\/wp-content\/uploads\/2021\/03\/6_Nasia_kukkii_Keskusojan_varrella_Marika_Laurila-768x1024.jpg 768w, https:\/\/markkuu.fi\/wordpress\/wp-content\/uploads\/2021\/03\/6_Nasia_kukkii_Keskusojan_varrella_Marika_Laurila-225x300.jpg 225w, https:\/\/markkuu.fi\/wordpress\/wp-content\/uploads\/2021\/03\/6_Nasia_kukkii_Keskusojan_varrella_Marika_Laurila-1152x1536.jpg 1152w, https:\/\/markkuu.fi\/wordpress\/wp-content\/uploads\/2021\/03\/6_Nasia_kukkii_Keskusojan_varrella_Marika_Laurila-1536x2048.jpg 1536w, https:\/\/markkuu.fi\/wordpress\/wp-content\/uploads\/2021\/03\/6_Nasia_kukkii_Keskusojan_varrella_Marika_Laurila-scaled.jpg 1920w\" sizes=\"auto, (max-width: 768px) 100vw, 768px\" \/><\/a><figcaption class=\"blocks-gallery-item__caption\">N\u00e4si\u00e4 kukkii Keskusojan varrella. Kuva Marika Laurila.<\/figcaption><\/figure><\/li><li class=\"blocks-gallery-item\"><figure><a href=\"http:\/\/markkuu.fi\/wordpress\/wp-content\/uploads\/2021\/03\/12_Vanamo_tuoksuvat_kukat_heinakuussa_Marika_Laurila-scaled.jpg\"><img loading=\"lazy\" decoding=\"async\" width=\"1024\" height=\"768\" src=\"http:\/\/markkuu.fi\/wordpress\/wp-content\/uploads\/2021\/03\/12_Vanamo_tuoksuvat_kukat_heinakuussa_Marika_Laurila-1024x768.jpg\" alt=\"\" data-id=\"1435\" data-full-url=\"http:\/\/markkuu.fi\/wordpress\/wp-content\/uploads\/2021\/03\/12_Vanamo_tuoksuvat_kukat_heinakuussa_Marika_Laurila-scaled.jpg\" data-link=\"http:\/\/markkuu.fi\/wordpress\/?attachment_id=1435\" class=\"wp-image-1435\" srcset=\"https:\/\/markkuu.fi\/wordpress\/wp-content\/uploads\/2021\/03\/12_Vanamo_tuoksuvat_kukat_heinakuussa_Marika_Laurila-1024x768.jpg 1024w, https:\/\/markkuu.fi\/wordpress\/wp-content\/uploads\/2021\/03\/12_Vanamo_tuoksuvat_kukat_heinakuussa_Marika_Laurila-300x225.jpg 300w, https:\/\/markkuu.fi\/wordpress\/wp-content\/uploads\/2021\/03\/12_Vanamo_tuoksuvat_kukat_heinakuussa_Marika_Laurila-768x576.jpg 768w, https:\/\/markkuu.fi\/wordpress\/wp-content\/uploads\/2021\/03\/12_Vanamo_tuoksuvat_kukat_heinakuussa_Marika_Laurila-1536x1152.jpg 1536w, https:\/\/markkuu.fi\/wordpress\/wp-content\/uploads\/2021\/03\/12_Vanamo_tuoksuvat_kukat_heinakuussa_Marika_Laurila-2048x1536.jpg 2048w\" sizes=\"auto, (max-width: 1024px) 100vw, 1024px\" \/><\/a><figcaption class=\"blocks-gallery-item__caption\">Vanamon tuoksuvat kukat ihastuttavat hein\u00e4kuussa. Kuva Marika Laurila..<\/figcaption><\/figure><\/li><li class=\"blocks-gallery-item\"><figure><a href=\"http:\/\/markkuu.fi\/wordpress\/wp-content\/uploads\/2021\/03\/10_Mustakonnanmarja_lehdon_hamyssa_heinakuussa_Marika_Laurila-scaled.jpg\"><img loading=\"lazy\" decoding=\"async\" width=\"1024\" height=\"768\" src=\"http:\/\/markkuu.fi\/wordpress\/wp-content\/uploads\/2021\/03\/10_Mustakonnanmarja_lehdon_hamyssa_heinakuussa_Marika_Laurila-1024x768.jpg\" alt=\"\" data-id=\"1438\" data-full-url=\"http:\/\/markkuu.fi\/wordpress\/wp-content\/uploads\/2021\/03\/10_Mustakonnanmarja_lehdon_hamyssa_heinakuussa_Marika_Laurila-scaled.jpg\" data-link=\"http:\/\/markkuu.fi\/wordpress\/?attachment_id=1438\" class=\"wp-image-1438\" srcset=\"https:\/\/markkuu.fi\/wordpress\/wp-content\/uploads\/2021\/03\/10_Mustakonnanmarja_lehdon_hamyssa_heinakuussa_Marika_Laurila-1024x768.jpg 1024w, https:\/\/markkuu.fi\/wordpress\/wp-content\/uploads\/2021\/03\/10_Mustakonnanmarja_lehdon_hamyssa_heinakuussa_Marika_Laurila-300x225.jpg 300w, https:\/\/markkuu.fi\/wordpress\/wp-content\/uploads\/2021\/03\/10_Mustakonnanmarja_lehdon_hamyssa_heinakuussa_Marika_Laurila-768x576.jpg 768w, https:\/\/markkuu.fi\/wordpress\/wp-content\/uploads\/2021\/03\/10_Mustakonnanmarja_lehdon_hamyssa_heinakuussa_Marika_Laurila-1536x1152.jpg 1536w, https:\/\/markkuu.fi\/wordpress\/wp-content\/uploads\/2021\/03\/10_Mustakonnanmarja_lehdon_hamyssa_heinakuussa_Marika_Laurila-2048x1536.jpg 2048w\" sizes=\"auto, (max-width: 1024px) 100vw, 1024px\" \/><\/a><figcaption class=\"blocks-gallery-item__caption\">Mustakonnanmarja lehdon hein\u00e4kuisessa h\u00e4myss\u00e4. Kuva Marika Laurila.<\/figcaption><\/figure><\/li><li class=\"blocks-gallery-item\"><figure><a href=\"http:\/\/markkuu.fi\/wordpress\/wp-content\/uploads\/2021\/03\/11_Mustakonnanmarjan_kypsat_myrkylliset_marjat_elokuussa_Marika_Laurila-scaled.jpg\"><img loading=\"lazy\" decoding=\"async\" width=\"1024\" height=\"768\" src=\"http:\/\/markkuu.fi\/wordpress\/wp-content\/uploads\/2021\/03\/11_Mustakonnanmarjan_kypsat_myrkylliset_marjat_elokuussa_Marika_Laurila-1024x768.jpg\" alt=\"\" data-id=\"1437\" data-full-url=\"http:\/\/markkuu.fi\/wordpress\/wp-content\/uploads\/2021\/03\/11_Mustakonnanmarjan_kypsat_myrkylliset_marjat_elokuussa_Marika_Laurila-scaled.jpg\" data-link=\"http:\/\/markkuu.fi\/wordpress\/?attachment_id=1437\" class=\"wp-image-1437\" srcset=\"https:\/\/markkuu.fi\/wordpress\/wp-content\/uploads\/2021\/03\/11_Mustakonnanmarjan_kypsat_myrkylliset_marjat_elokuussa_Marika_Laurila-1024x768.jpg 1024w, https:\/\/markkuu.fi\/wordpress\/wp-content\/uploads\/2021\/03\/11_Mustakonnanmarjan_kypsat_myrkylliset_marjat_elokuussa_Marika_Laurila-300x225.jpg 300w, https:\/\/markkuu.fi\/wordpress\/wp-content\/uploads\/2021\/03\/11_Mustakonnanmarjan_kypsat_myrkylliset_marjat_elokuussa_Marika_Laurila-768x576.jpg 768w, https:\/\/markkuu.fi\/wordpress\/wp-content\/uploads\/2021\/03\/11_Mustakonnanmarjan_kypsat_myrkylliset_marjat_elokuussa_Marika_Laurila-1536x1152.jpg 1536w, https:\/\/markkuu.fi\/wordpress\/wp-content\/uploads\/2021\/03\/11_Mustakonnanmarjan_kypsat_myrkylliset_marjat_elokuussa_Marika_Laurila-2048x1536.jpg 2048w\" sizes=\"auto, (max-width: 1024px) 100vw, 1024px\" \/><\/a><figcaption class=\"blocks-gallery-item__caption\">Mustakonnanmarjan kyps\u00e4t myrkylliset marjat elokuussa. Kuva Marika Laurila.<\/figcaption><\/figure><\/li><li class=\"blocks-gallery-item\"><figure><a href=\"http:\/\/markkuu.fi\/wordpress\/wp-content\/uploads\/2021\/03\/4_Arinakaapia_Marika_Laurila-scaled.jpg\"><img loading=\"lazy\" decoding=\"async\" width=\"1024\" height=\"768\" src=\"http:\/\/markkuu.fi\/wordpress\/wp-content\/uploads\/2021\/03\/4_Arinakaapia_Marika_Laurila-1024x768.jpg\" alt=\"\" data-id=\"1442\" data-full-url=\"http:\/\/markkuu.fi\/wordpress\/wp-content\/uploads\/2021\/03\/4_Arinakaapia_Marika_Laurila-scaled.jpg\" data-link=\"http:\/\/markkuu.fi\/wordpress\/?attachment_id=1442\" class=\"wp-image-1442\" srcset=\"https:\/\/markkuu.fi\/wordpress\/wp-content\/uploads\/2021\/03\/4_Arinakaapia_Marika_Laurila-1024x768.jpg 1024w, https:\/\/markkuu.fi\/wordpress\/wp-content\/uploads\/2021\/03\/4_Arinakaapia_Marika_Laurila-300x225.jpg 300w, https:\/\/markkuu.fi\/wordpress\/wp-content\/uploads\/2021\/03\/4_Arinakaapia_Marika_Laurila-768x576.jpg 768w, https:\/\/markkuu.fi\/wordpress\/wp-content\/uploads\/2021\/03\/4_Arinakaapia_Marika_Laurila-1536x1152.jpg 1536w, https:\/\/markkuu.fi\/wordpress\/wp-content\/uploads\/2021\/03\/4_Arinakaapia_Marika_Laurila-2048x1536.jpg 2048w\" sizes=\"auto, (max-width: 1024px) 100vw, 1024px\" \/><\/a><figcaption class=\"blocks-gallery-item__caption\">Arinak\u00e4\u00e4pi\u00e4. Kuva Marika Laurila.<\/figcaption><\/figure><\/li><li class=\"blocks-gallery-item\"><figure><a href=\"http:\/\/markkuu.fi\/wordpress\/wp-content\/uploads\/2021\/03\/5_Kukkamaljakkaita_Keskusojan_varrella_Marika_Laurila-scaled.jpg\"><img loading=\"lazy\" decoding=\"async\" width=\"768\" height=\"1024\" src=\"http:\/\/markkuu.fi\/wordpress\/wp-content\/uploads\/2021\/03\/5_Kukkamaljakkaita_Keskusojan_varrella_Marika_Laurila-768x1024.jpg\" alt=\"\" data-id=\"1441\" data-full-url=\"http:\/\/markkuu.fi\/wordpress\/wp-content\/uploads\/2021\/03\/5_Kukkamaljakkaita_Keskusojan_varrella_Marika_Laurila-scaled.jpg\" data-link=\"http:\/\/markkuu.fi\/wordpress\/?attachment_id=1441\" class=\"wp-image-1441\" srcset=\"https:\/\/markkuu.fi\/wordpress\/wp-content\/uploads\/2021\/03\/5_Kukkamaljakkaita_Keskusojan_varrella_Marika_Laurila-768x1024.jpg 768w, https:\/\/markkuu.fi\/wordpress\/wp-content\/uploads\/2021\/03\/5_Kukkamaljakkaita_Keskusojan_varrella_Marika_Laurila-225x300.jpg 225w, https:\/\/markkuu.fi\/wordpress\/wp-content\/uploads\/2021\/03\/5_Kukkamaljakkaita_Keskusojan_varrella_Marika_Laurila-1152x1536.jpg 1152w, https:\/\/markkuu.fi\/wordpress\/wp-content\/uploads\/2021\/03\/5_Kukkamaljakkaita_Keskusojan_varrella_Marika_Laurila-1536x2048.jpg 1536w, https:\/\/markkuu.fi\/wordpress\/wp-content\/uploads\/2021\/03\/5_Kukkamaljakkaita_Keskusojan_varrella_Marika_Laurila-scaled.jpg 1920w\" sizes=\"auto, (max-width: 768px) 100vw, 768px\" \/><\/a><figcaption class=\"blocks-gallery-item__caption\">Kukkamaljakkaita Keskusojan varrella. Kuva Marika Laurila.<\/figcaption><\/figure><\/li><\/ul><\/figure>\n","protected":false},"excerpt":{"rendered":"<p>Rehevien jokivarsilehtojen lajikirjo yll\u00e4tt\u00e4\u00e4<\/p>\n","protected":false},"author":2,"featured_media":0,"parent":87,"menu_order":1,"comment_status":"closed","ping_status":"closed","template":"","meta":{"footnotes":""},"class_list":["post-1332","page","type-page","status-publish","hentry"],"_links":{"self":[{"href":"https:\/\/markkuu.fi\/wordpress\/index.php?rest_route=\/wp\/v2\/pages\/1332","targetHints":{"allow":["GET"]}}],"collection":[{"href":"https:\/\/markkuu.fi\/wordpress\/index.php?rest_route=\/wp\/v2\/pages"}],"about":[{"href":"https:\/\/markkuu.fi\/wordpress\/index.php?rest_route=\/wp\/v2\/types\/page"}],"author":[{"embeddable":true,"href":"https:\/\/markkuu.fi\/wordpress\/index.php?rest_route=\/wp\/v2\/users\/2"}],"replies":[{"embeddable":true,"href":"https:\/\/markkuu.fi\/wordpress\/index.php?rest_route=%2Fwp%2Fv2%2Fcomments&post=1332"}],"version-history":[{"count":5,"href":"https:\/\/markkuu.fi\/wordpress\/index.php?rest_route=\/wp\/v2\/pages\/1332\/revisions"}],"predecessor-version":[{"id":1494,"href":"https:\/\/markkuu.fi\/wordpress\/index.php?rest_route=\/wp\/v2\/pages\/1332\/revisions\/1494"}],"up":[{"embeddable":true,"href":"https:\/\/markkuu.fi\/wordpress\/index.php?rest_route=\/wp\/v2\/pages\/87"}],"wp:attachment":[{"href":"https:\/\/markkuu.fi\/wordpress\/index.php?rest_route=%2Fwp%2Fv2%2Fmedia&parent=1332"}],"curies":[{"name":"wp","href":"https:\/\/api.w.org\/{rel}","templated":true}]}}