{"id":1339,"date":"2020-10-18T22:09:18","date_gmt":"2020-10-18T19:09:18","guid":{"rendered":"http:\/\/markkuu.fi\/wordpress\/?page_id=1339"},"modified":"2021-03-21T22:09:53","modified_gmt":"2021-03-21T20:09:53","slug":"lahteikot","status":"publish","type":"page","link":"https:\/\/markkuu.fi\/wordpress\/?page_id=1339","title":{"rendered":"L\u00e4hteik\u00f6t"},"content":{"rendered":"\n<figure class=\"wp-block-image size-large\"><a href=\"http:\/\/markkuu.fi\/wordpress\/wp-content\/uploads\/2021\/03\/5_Samposten_lahteikko_Marika_Laurila-scaled.jpg\"><img loading=\"lazy\" decoding=\"async\" width=\"1024\" height=\"768\" src=\"http:\/\/markkuu.fi\/wordpress\/wp-content\/uploads\/2021\/03\/5_Samposten_lahteikko_Marika_Laurila-1024x768.jpg\" alt=\"\" class=\"wp-image-1430\" srcset=\"https:\/\/markkuu.fi\/wordpress\/wp-content\/uploads\/2021\/03\/5_Samposten_lahteikko_Marika_Laurila-1024x768.jpg 1024w, https:\/\/markkuu.fi\/wordpress\/wp-content\/uploads\/2021\/03\/5_Samposten_lahteikko_Marika_Laurila-300x225.jpg 300w, https:\/\/markkuu.fi\/wordpress\/wp-content\/uploads\/2021\/03\/5_Samposten_lahteikko_Marika_Laurila-768x576.jpg 768w, https:\/\/markkuu.fi\/wordpress\/wp-content\/uploads\/2021\/03\/5_Samposten_lahteikko_Marika_Laurila-1536x1152.jpg 1536w, https:\/\/markkuu.fi\/wordpress\/wp-content\/uploads\/2021\/03\/5_Samposten_lahteikko_Marika_Laurila-2048x1536.jpg 2048w\" sizes=\"auto, (max-width: 1024px) 100vw, 1024px\" \/><\/a><figcaption>Samposten l\u00e4hteikk\u00f6. Kuva Marika Laurila.<\/figcaption><\/figure>\n\n\n\n<figure class=\"wp-block-image size-large\"><a href=\"http:\/\/markkuu.fi\/wordpress\/wp-content\/uploads\/2021\/03\/1_Rauhionojan_lahteikkoa_kuva_Marika_Laurila-scaled.jpg\"><img loading=\"lazy\" decoding=\"async\" width=\"1024\" height=\"768\" src=\"http:\/\/markkuu.fi\/wordpress\/wp-content\/uploads\/2021\/03\/1_Rauhionojan_lahteikkoa_kuva_Marika_Laurila-1024x768.jpg\" alt=\"\" class=\"wp-image-1428\" srcset=\"https:\/\/markkuu.fi\/wordpress\/wp-content\/uploads\/2021\/03\/1_Rauhionojan_lahteikkoa_kuva_Marika_Laurila-1024x768.jpg 1024w, https:\/\/markkuu.fi\/wordpress\/wp-content\/uploads\/2021\/03\/1_Rauhionojan_lahteikkoa_kuva_Marika_Laurila-300x225.jpg 300w, https:\/\/markkuu.fi\/wordpress\/wp-content\/uploads\/2021\/03\/1_Rauhionojan_lahteikkoa_kuva_Marika_Laurila-768x576.jpg 768w, https:\/\/markkuu.fi\/wordpress\/wp-content\/uploads\/2021\/03\/1_Rauhionojan_lahteikkoa_kuva_Marika_Laurila-1536x1152.jpg 1536w, https:\/\/markkuu.fi\/wordpress\/wp-content\/uploads\/2021\/03\/1_Rauhionojan_lahteikkoa_kuva_Marika_Laurila-2048x1536.jpg 2048w\" sizes=\"auto, (max-width: 1024px) 100vw, 1024px\" \/><\/a><figcaption>Rauhionojan l\u00e4hteikk\u00f6\u00e4. Kuva Marika Laurila.<\/figcaption><\/figure>\n\n\n\n<figure class=\"wp-block-image size-large\"><a href=\"http:\/\/markkuu.fi\/wordpress\/wp-content\/uploads\/2021\/03\/2_Rentukkaloistoa_lahteikolla_kuva_Marika_Laurila-scaled.jpg\"><img loading=\"lazy\" decoding=\"async\" width=\"1024\" height=\"768\" src=\"http:\/\/markkuu.fi\/wordpress\/wp-content\/uploads\/2021\/03\/2_Rentukkaloistoa_lahteikolla_kuva_Marika_Laurila-1024x768.jpg\" alt=\"\" class=\"wp-image-1429\" srcset=\"https:\/\/markkuu.fi\/wordpress\/wp-content\/uploads\/2021\/03\/2_Rentukkaloistoa_lahteikolla_kuva_Marika_Laurila-1024x768.jpg 1024w, https:\/\/markkuu.fi\/wordpress\/wp-content\/uploads\/2021\/03\/2_Rentukkaloistoa_lahteikolla_kuva_Marika_Laurila-300x225.jpg 300w, https:\/\/markkuu.fi\/wordpress\/wp-content\/uploads\/2021\/03\/2_Rentukkaloistoa_lahteikolla_kuva_Marika_Laurila-768x576.jpg 768w, https:\/\/markkuu.fi\/wordpress\/wp-content\/uploads\/2021\/03\/2_Rentukkaloistoa_lahteikolla_kuva_Marika_Laurila-1536x1152.jpg 1536w, https:\/\/markkuu.fi\/wordpress\/wp-content\/uploads\/2021\/03\/2_Rentukkaloistoa_lahteikolla_kuva_Marika_Laurila-2048x1536.jpg 2048w\" sizes=\"auto, (max-width: 1024px) 100vw, 1024px\" \/><\/a><figcaption>Rentukkaloistoa l\u00e4hteik\u00f6ll\u00e4. Kuva Marika Laurila.<\/figcaption><\/figure>\n\n\n\n<figure class=\"wp-block-image size-large\"><a href=\"http:\/\/markkuu.fi\/wordpress\/wp-content\/uploads\/2021\/03\/3_Rentukka_kevaan_ensikukkija_Marika_Laurila-scaled.jpg\"><img loading=\"lazy\" decoding=\"async\" width=\"1024\" height=\"768\" src=\"http:\/\/markkuu.fi\/wordpress\/wp-content\/uploads\/2021\/03\/3_Rentukka_kevaan_ensikukkija_Marika_Laurila-1024x768.jpg\" alt=\"\" class=\"wp-image-1431\" srcset=\"https:\/\/markkuu.fi\/wordpress\/wp-content\/uploads\/2021\/03\/3_Rentukka_kevaan_ensikukkija_Marika_Laurila-1024x768.jpg 1024w, https:\/\/markkuu.fi\/wordpress\/wp-content\/uploads\/2021\/03\/3_Rentukka_kevaan_ensikukkija_Marika_Laurila-300x225.jpg 300w, https:\/\/markkuu.fi\/wordpress\/wp-content\/uploads\/2021\/03\/3_Rentukka_kevaan_ensikukkija_Marika_Laurila-768x576.jpg 768w, https:\/\/markkuu.fi\/wordpress\/wp-content\/uploads\/2021\/03\/3_Rentukka_kevaan_ensikukkija_Marika_Laurila-1536x1152.jpg 1536w, https:\/\/markkuu.fi\/wordpress\/wp-content\/uploads\/2021\/03\/3_Rentukka_kevaan_ensikukkija_Marika_Laurila-2048x1536.jpg 2048w\" sizes=\"auto, (max-width: 1024px) 100vw, 1024px\" \/><\/a><figcaption>Rentukka &#8211; kev\u00e4\u00e4n ensi kukkija. Kuva Marika Laurila. <\/figcaption><\/figure>\n\n\n\n<figure class=\"wp-block-image size-large\"><a href=\"http:\/\/markkuu.fi\/wordpress\/wp-content\/uploads\/2021\/03\/4_Lehvasammallaten_varikkyytta_Marika_Laurila.jpg\"><img loading=\"lazy\" decoding=\"async\" width=\"1024\" height=\"768\" src=\"http:\/\/markkuu.fi\/wordpress\/wp-content\/uploads\/2021\/03\/4_Lehvasammallaten_varikkyytta_Marika_Laurila-1024x768.jpg\" alt=\"\" class=\"wp-image-1432\" srcset=\"https:\/\/markkuu.fi\/wordpress\/wp-content\/uploads\/2021\/03\/4_Lehvasammallaten_varikkyytta_Marika_Laurila-1024x768.jpg 1024w, https:\/\/markkuu.fi\/wordpress\/wp-content\/uploads\/2021\/03\/4_Lehvasammallaten_varikkyytta_Marika_Laurila-300x225.jpg 300w, https:\/\/markkuu.fi\/wordpress\/wp-content\/uploads\/2021\/03\/4_Lehvasammallaten_varikkyytta_Marika_Laurila-768x576.jpg 768w, https:\/\/markkuu.fi\/wordpress\/wp-content\/uploads\/2021\/03\/4_Lehvasammallaten_varikkyytta_Marika_Laurila-1536x1152.jpg 1536w, https:\/\/markkuu.fi\/wordpress\/wp-content\/uploads\/2021\/03\/4_Lehvasammallaten_varikkyytta_Marika_Laurila.jpg 1752w\" sizes=\"auto, (max-width: 1024px) 100vw, 1024px\" \/><\/a><figcaption>Lehv\u00e4sammalten v\u00e4rikkyytt\u00e4. Kuva Marika Laurila.<\/figcaption><\/figure>\n","protected":false},"excerpt":{"rendered":"","protected":false},"author":2,"featured_media":0,"parent":87,"menu_order":3,"comment_status":"closed","ping_status":"closed","template":"","meta":{"footnotes":""},"class_list":["post-1339","page","type-page","status-publish","hentry"],"_links":{"self":[{"href":"https:\/\/markkuu.fi\/wordpress\/index.php?rest_route=\/wp\/v2\/pages\/1339","targetHints":{"allow":["GET"]}}],"collection":[{"href":"https:\/\/markkuu.fi\/wordpress\/index.php?rest_route=\/wp\/v2\/pages"}],"about":[{"href":"https:\/\/markkuu.fi\/wordpress\/index.php?rest_route=\/wp\/v2\/types\/page"}],"author":[{"embeddable":true,"href":"https:\/\/markkuu.fi\/wordpress\/index.php?rest_route=\/wp\/v2\/users\/2"}],"replies":[{"embeddable":true,"href":"https:\/\/markkuu.fi\/wordpress\/index.php?rest_route=%2Fwp%2Fv2%2Fcomments&post=1339"}],"version-history":[{"count":3,"href":"https:\/\/markkuu.fi\/wordpress\/index.php?rest_route=\/wp\/v2\/pages\/1339\/revisions"}],"predecessor-version":[{"id":1433,"href":"https:\/\/markkuu.fi\/wordpress\/index.php?rest_route=\/wp\/v2\/pages\/1339\/revisions\/1433"}],"up":[{"embeddable":true,"href":"https:\/\/markkuu.fi\/wordpress\/index.php?rest_route=\/wp\/v2\/pages\/87"}],"wp:attachment":[{"href":"https:\/\/markkuu.fi\/wordpress\/index.php?rest_route=%2Fwp%2Fv2%2Fmedia&parent=1339"}],"curies":[{"name":"wp","href":"https:\/\/api.w.org\/{rel}","templated":true}]}}

Lähteiköt

<figure class="wp-block-image size-large"><a href="http://markkuu.fi/wordpress/wp-content/uploads/2021/03/5_Samposten_lahteikko_Marika_Laurila-scaled.jpg"><img loading="lazy" decoding="async" width="1024" height="768" src="http://markkuu.fi/wordpress/wp-content/uploads/2021/03/5_Samposten_lahteikko_Marika_Laurila-1024x768.jpg" alt="" class="wp-image-1430" srcset="https://markkuu.fi/wordpress/wp-content/uploads/2021/03/5_Samposten_lahteikko_Marika_Laurila-1024x768.jpg 1024w, https://markkuu.fi/wordpress/wp-content/uploads/2021/03/5_Samposten_lahteikko_Marika_Laurila-300x225.jpg 300w, https://markkuu.fi/wordpress/wp-content/uploads/2021/03/5_Samposten_lahteikko_Marika_Laurila-768x576.jpg 768w, https://markkuu.fi/wordpress/wp-content/uploads/2021/03/5_Samposten_lahteikko_Marika_Laurila-1536x1152.jpg 1536w, https://markkuu.fi/wordpress/wp-content/uploads/2021/03/5_Samposten_lahteikko_Marika_Laurila-2048x1536.jpg 2048w" sizes="auto, (max-width: 1024px) 100vw, 1024px" /></a><figcaption>Samposten lähteikkö. Kuva Marika Laurila.</figcaption></figure>



<figure class="wp-block-image size-large"><a href="http://markkuu.fi/wordpress/wp-content/uploads/2021/03/1_Rauhionojan_lahteikkoa_kuva_Marika_Laurila-scaled.jpg"><img loading="lazy" decoding="async" width="1024" height="768" src="http://markkuu.fi/wordpress/wp-content/uploads/2021/03/1_Rauhionojan_lahteikkoa_kuva_Marika_Laurila-1024x768.jpg" alt="" class="wp-image-1428" srcset="https://markkuu.fi/wordpress/wp-content/uploads/2021/03/1_Rauhionojan_lahteikkoa_kuva_Marika_Laurila-1024x768.jpg 1024w, https://markkuu.fi/wordpress/wp-content/uploads/2021/03/1_Rauhionojan_lahteikkoa_kuva_Marika_Laurila-300x225.jpg 300w, https://markkuu.fi/wordpress/wp-content/uploads/2021/03/1_Rauhionojan_lahteikkoa_kuva_Marika_Laurila-768x576.jpg 768w, https://markkuu.fi/wordpress/wp-content/uploads/2021/03/1_Rauhionojan_lahteikkoa_kuva_Marika_Laurila-1536x1152.jpg 1536w, https://markkuu.fi/wordpress/wp-content/uploads/2021/03/1_Rauhionojan_lahteikkoa_kuva_Marika_Laurila-2048x1536.jpg 2048w" sizes="auto, (max-width: 1024px) 100vw, 1024px" /></a><figcaption>Rauhionojan lähteikköä. Kuva Marika Laurila.</figcaption></figure>



<figure class="wp-block-image size-large"><a href="http://markkuu.fi/wordpress/wp-content/uploads/2021/03/2_Rentukkaloistoa_lahteikolla_kuva_Marika_Laurila-scaled.jpg"><img loading="lazy" decoding="async" width="1024" height="768" src="http://markkuu.fi/wordpress/wp-content/uploads/2021/03/2_Rentukkaloistoa_lahteikolla_kuva_Marika_Laurila-1024x768.jpg" alt="" class="wp-image-1429" srcset="https://markkuu.fi/wordpress/wp-content/uploads/2021/03/2_Rentukkaloistoa_lahteikolla_kuva_Marika_Laurila-1024x768.jpg 1024w, https://markkuu.fi/wordpress/wp-content/uploads/2021/03/2_Rentukkaloistoa_lahteikolla_kuva_Marika_Laurila-300x225.jpg 300w, https://markkuu.fi/wordpress/wp-content/uploads/2021/03/2_Rentukkaloistoa_lahteikolla_kuva_Marika_Laurila-768x576.jpg 768w, https://markkuu.fi/wordpress/wp-content/uploads/2021/03/2_Rentukkaloistoa_lahteikolla_kuva_Marika_Laurila-1536x1152.jpg 1536w, https://markkuu.fi/wordpress/wp-content/uploads/2021/03/2_Rentukkaloistoa_lahteikolla_kuva_Marika_Laurila-2048x1536.jpg 2048w" sizes="auto, (max-width: 1024px) 100vw, 1024px" /></a><figcaption>Rentukkaloistoa lähteiköllä. Kuva Marika Laurila.</figcaption></figure>



<figure class="wp-block-image size-large"><a href="http://markkuu.fi/wordpress/wp-content/uploads/2021/03/3_Rentukka_kevaan_ensikukkija_Marika_Laurila-scaled.jpg"><img loading="lazy" decoding="async" width="1024" height="768" src="http://markkuu.fi/wordpress/wp-content/uploads/2021/03/3_Rentukka_kevaan_ensikukkija_Marika_Laurila-1024x768.jpg" alt="" class="wp-image-1431" srcset="https://markkuu.fi/wordpress/wp-content/uploads/2021/03/3_Rentukka_kevaan_ensikukkija_Marika_Laurila-1024x768.jpg 1024w, https://markkuu.fi/wordpress/wp-content/uploads/2021/03/3_Rentukka_kevaan_ensikukkija_Marika_Laurila-300x225.jpg 300w, https://markkuu.fi/wordpress/wp-content/uploads/2021/03/3_Rentukka_kevaan_ensikukkija_Marika_Laurila-768x576.jpg 768w, https://markkuu.fi/wordpress/wp-content/uploads/2021/03/3_Rentukka_kevaan_ensikukkija_Marika_Laurila-1536x1152.jpg 1536w, https://markkuu.fi/wordpress/wp-content/uploads/2021/03/3_Rentukka_kevaan_ensikukkija_Marika_Laurila-2048x1536.jpg 2048w" sizes="auto, (max-width: 1024px) 100vw, 1024px" /></a><figcaption>Rentukka &#8211; kevään ensi kukkija. Kuva Marika Laurila. </figcaption></figure>



<figure class="wp-block-image size-large"><a href="http://markkuu.fi/wordpress/wp-content/uploads/2021/03/4_Lehvasammallaten_varikkyytta_Marika_Laurila.jpg"><img loading="lazy" decoding="async" width="1024" height="768" src="http://markkuu.fi/wordpress/wp-content/uploads/2021/03/4_Lehvasammallaten_varikkyytta_Marika_Laurila-1024x768.jpg" alt="" class="wp-image-1432" srcset="https://markkuu.fi/wordpress/wp-content/uploads/2021/03/4_Lehvasammallaten_varikkyytta_Marika_Laurila-1024x768.jpg 1024w, https://markkuu.fi/wordpress/wp-content/uploads/2021/03/4_Lehvasammallaten_varikkyytta_Marika_Laurila-300x225.jpg 300w, https://markkuu.fi/wordpress/wp-content/uploads/2021/03/4_Lehvasammallaten_varikkyytta_Marika_Laurila-768x576.jpg 768w, https://markkuu.fi/wordpress/wp-content/uploads/2021/03/4_Lehvasammallaten_varikkyytta_Marika_Laurila-1536x1152.jpg 1536w, https://markkuu.fi/wordpress/wp-content/uploads/2021/03/4_Lehvasammallaten_varikkyytta_Marika_Laurila.jpg 1752w" sizes="auto, (max-width: 1024px) 100vw, 1024px" /></a><figcaption>Lehväsammalten värikkyyttä. Kuva Marika Laurila.</figcaption></figure>
