{"id":150,"date":"2015-11-08T23:50:26","date_gmt":"2015-11-08T21:50:26","guid":{"rendered":"http:\/\/markkuu.fi\/wordpress\/?page_id=150"},"modified":"2016-01-03T11:46:42","modified_gmt":"2016-01-03T09:46:42","slug":"geokatkoily","status":"publish","type":"page","link":"https:\/\/markkuu.fi\/wordpress\/?page_id=150","title":{"rendered":"Mausta retkesi geok\u00e4tk\u00f6ilyll\u00e4"},"content":{"rendered":"<p>Markkuun luontopolulla retkeily\u00e4 voi maustaa my\u00f6s kokeilemalla geok\u00e4tk\u00f6ily\u00e4. Ajatasaiset k\u00e4tk\u00f6t l\u00f6ytyv\u00e4t <a href=\"http:\/\/www.geocache.fi\/\" target=\"_blank\">t\u00e4\u00e4lt\u00e4<\/a>.<\/p>\n<p>Geok\u00e4tk\u00f6ily on maailmanlaajuinen ulkoiluharrastus, jossa etsit\u00e4\u00e4n satelliittipaikannusta hy\u00f6dynt\u00e4en geok\u00e4tk\u00f6iksi kutsuttuja rasioita. K\u00e4tk\u00f6jen piilotus ja etsint\u00e4 kuuluvat Suomessa jokamiehenoikeuksiin.<\/p>\n<p><a href=\"http:\/\/www.instagram.com\/markkuu_tyrnava\/\"><img loading=\"lazy\" decoding=\"async\" class=\"alignnone size-full wp-image-412\" src=\"http:\/\/markkuu.fi\/wordpress\/wp-content\/uploads\/2016\/01\/instagram.png\" alt=\"instagram\" width=\"52\" height=\"52\" \/><\/a><a href=\"https:\/\/www.facebook.com\/markkuunkylayhdistys\/\"><img loading=\"lazy\" decoding=\"async\" class=\"alignnone size-full wp-image-411\" src=\"http:\/\/markkuu.fi\/wordpress\/wp-content\/uploads\/2016\/01\/facebook.png\" alt=\"facebook\" width=\"52\" height=\"52\" \/><\/a><a href=\"https:\/\/twitter.com\/markkuu_tyrnava\"><img loading=\"lazy\" decoding=\"async\" class=\"alignnone size-full wp-image-407\" src=\"http:\/\/markkuu.fi\/wordpress\/wp-content\/uploads\/2016\/01\/twitter-1.png\" alt=\"twitter-1\" width=\"52\" height=\"52\" \/><\/a><br \/>\n<script>\/\/ <![CDATA[\n!function(d,s,id){var js,fjs=d.getElementsByTagName(s)[0],p=\/^http:\/.test(d.location)?'http':'https';if(!d.getElementById(id)){js=d.createElement(s);js.id=id;js.src=p+':\/\/platform.twitter.com\/widgets.js';fjs.parentNode.insertBefore(js,fjs);}}(document, 'script', 'twitter-wjs');\n\/\/ ]]><\/script><\/p><\/blockquote>\n","protected":false},"excerpt":{"rendered":"<p>Markkuun luontopolulla retkeily\u00e4 voi maustaa my\u00f6s kokeilemalla geok\u00e4tk\u00f6ily\u00e4. Ajatasaiset k\u00e4tk\u00f6t l\u00f6ytyv\u00e4t t\u00e4\u00e4lt\u00e4. Geok\u00e4tk\u00f6ily on maailmanlaajuinen ulkoiluharrastus, jossa etsit\u00e4\u00e4n satelliittipaikannusta hy\u00f6dynt\u00e4en geok\u00e4tk\u00f6iksi kutsuttuja rasioita. K\u00e4tk\u00f6jen piilotus ja etsint\u00e4 kuuluvat Suomessa jokamiehenoikeuksiin.<\/p>\n","protected":false},"author":2,"featured_media":0,"parent":82,"menu_order":4,"comment_status":"closed","ping_status":"closed","template":"","meta":{"footnotes":""},"class_list":["post-150","page","type-page","status-publish","hentry"],"_links":{"self":[{"href":"https:\/\/markkuu.fi\/wordpress\/index.php?rest_route=\/wp\/v2\/pages\/150","targetHints":{"allow":["GET"]}}],"collection":[{"href":"https:\/\/markkuu.fi\/wordpress\/index.php?rest_route=\/wp\/v2\/pages"}],"about":[{"href":"https:\/\/markkuu.fi\/wordpress\/index.php?rest_route=\/wp\/v2\/types\/page"}],"author":[{"embeddable":true,"href":"https:\/\/markkuu.fi\/wordpress\/index.php?rest_route=\/wp\/v2\/users\/2"}],"replies":[{"embeddable":true,"href":"https:\/\/markkuu.fi\/wordpress\/index.php?rest_route=%2Fwp%2Fv2%2Fcomments&post=150"}],"version-history":[{"count":6,"href":"https:\/\/markkuu.fi\/wordpress\/index.php?rest_route=\/wp\/v2\/pages\/150\/revisions"}],"predecessor-version":[{"id":425,"href":"https:\/\/markkuu.fi\/wordpress\/index.php?rest_route=\/wp\/v2\/pages\/150\/revisions\/425"}],"up":[{"embeddable":true,"href":"https:\/\/markkuu.fi\/wordpress\/index.php?rest_route=\/wp\/v2\/pages\/82"}],"wp:attachment":[{"href":"https:\/\/markkuu.fi\/wordpress\/index.php?rest_route=%2Fwp%2Fv2%2Fmedia&parent=150"}],"curies":[{"name":"wp","href":"https:\/\/api.w.org\/{rel}","templated":true}]}}