{"id":1706,"date":"2025-12-01T21:57:35","date_gmt":"2025-12-01T19:57:35","guid":{"rendered":"https:\/\/markkuu.fi\/wordpress\/?page_id=1706"},"modified":"2026-01-26T16:30:13","modified_gmt":"2026-01-26T14:30:13","slug":"markkuun-villikuut","status":"publish","type":"page","link":"https:\/\/markkuu.fi\/wordpress\/?page_id=1706","title":{"rendered":"MARKKUUN VILLIKUUT"},"content":{"rendered":"\n<p><em>Villi luonto inspiroi kuvia, musiikkia, tarinoita. Markkuun kyl\u00e4n luontotrilogia yhdist\u00e4\u00e4 teemoja ja ammentaa aineksia kansanperinteest\u00e4. Tule villiintym\u00e4\u00e4n kanssamme tammi-, elo- ja marraskuun tapahtumiin Luonto- ja hyvinvointitalo Peukaloiseen!<\/em><\/p>\n\n\n\n<div class=\"wp-block-media-text is-stacked-on-mobile\"><figure class=\"wp-block-media-text__media\"><img loading=\"lazy\" decoding=\"async\" width=\"998\" height=\"1024\" src=\"https:\/\/markkuu.fi\/wordpress\/wp-content\/uploads\/2025\/12\/Official_programme_hilla_1-1-998x1024.png\" alt=\"\" class=\"wp-image-1714 size-full\" srcset=\"https:\/\/markkuu.fi\/wordpress\/wp-content\/uploads\/2025\/12\/Official_programme_hilla_1-1-998x1024.png 998w, https:\/\/markkuu.fi\/wordpress\/wp-content\/uploads\/2025\/12\/Official_programme_hilla_1-1-292x300.png 292w, https:\/\/markkuu.fi\/wordpress\/wp-content\/uploads\/2025\/12\/Official_programme_hilla_1-1-768x788.png 768w, https:\/\/markkuu.fi\/wordpress\/wp-content\/uploads\/2025\/12\/Official_programme_hilla_1-1.png 1009w\" sizes=\"auto, (max-width: 998px) 100vw, 998px\" \/><\/figure><div class=\"wp-block-media-text__content\">\n<p><em>Oulu on Euroopan kulttuurip\u00e4\u00e4kaupunki vuonna 2026.&nbsp;Markkuun villikuut -luontotrilogia on osa Oulu2026-kulttuuriohjelmaa ja kulttuuri-ilmastonmuutosta.<\/em><\/p>\n<\/div><\/div>\n\n\n\n<p>Markkuun Villikuut -tapahtumasarja tuo esiin kulttuuria monipuolisesti, musiikin, luontokuvien ja runojen keinoin, sek\u00e4 korostaa suomalaista kansanperinnett\u00e4 sek\u00e4 luontoa kulttuurin l\u00e4hteen\u00e4. Tapahtumasarjan suunnittelussa ja toteutuksessa ovat mukana kaksi luontokuvaajaa, <a href=\"https:\/\/honkalinna.fi\/\" target=\"_blank\" rel=\"noreferrer noopener\">Mika Honkalinna<\/a> ja Saara Pouta, muusikot Heinituuli Holopainen ja Niina M\u00e4kiharju sek\u00e4 <a href=\"https:\/\/www.facebook.com\/lauluyhtyetoisetmeista\" target=\"_blank\" rel=\"noreferrer noopener\">Lauluyhtye Toiset Meist\u00e4<\/a>. Tapahtumien p\u00e4\u00e4j\u00e4rjest\u00e4j\u00e4 on <a href=\"https:\/\/markkuu.fi\/wordpress\/?page_id=13\" data-type=\"page\" data-id=\"13\">Markkuun Seudun Kyl\u00e4yhdistys ry<\/a>.<\/p>\n\n\n\n<h2 class=\"wp-block-heading\">Tanssi kanssani<\/h2>\n\n\n\n<figure class=\"wp-block-image size-large\"><a href=\"https:\/\/markkuu.fi\/wordpress\/wp-content\/uploads\/2025\/12\/Tanssikanssani_Saara_Pouta.jpg\"><img loading=\"lazy\" decoding=\"async\" width=\"1024\" height=\"576\" src=\"https:\/\/markkuu.fi\/wordpress\/wp-content\/uploads\/2025\/12\/Tanssikanssani_Saara_Pouta-1024x576.jpg\" alt=\"\" class=\"wp-image-1709\" srcset=\"https:\/\/markkuu.fi\/wordpress\/wp-content\/uploads\/2025\/12\/Tanssikanssani_Saara_Pouta-1024x576.jpg 1024w, https:\/\/markkuu.fi\/wordpress\/wp-content\/uploads\/2025\/12\/Tanssikanssani_Saara_Pouta-300x169.jpg 300w, https:\/\/markkuu.fi\/wordpress\/wp-content\/uploads\/2025\/12\/Tanssikanssani_Saara_Pouta-768x432.jpg 768w, https:\/\/markkuu.fi\/wordpress\/wp-content\/uploads\/2025\/12\/Tanssikanssani_Saara_Pouta-1536x864.jpg 1536w, https:\/\/markkuu.fi\/wordpress\/wp-content\/uploads\/2025\/12\/Tanssikanssani_Saara_Pouta.jpg 1920w\" sizes=\"auto, (max-width: 1024px) 100vw, 1024px\" \/><\/a><figcaption class=\"wp-element-caption\">Kuva Saara Pouta.<\/figcaption><\/figure>\n\n\n\n<p>Tanssi kanssani -kuvaesitys kutsuu katsojat l\u00e4hestym\u00e4\u00e4n luontoa avoimin ja herkin&nbsp;mielin. Valon ja varjon vuorottelu on keskeinen osa Saara Poudan kuvaesityst\u00e4, symboloiden luonnon jatkuvaa muutosta ja dynamiikkaa. Musiikki seuraa kuvia varjosta valoon ja vahvistaa yhteytt\u00e4mme luonnon kanssa. Esitys juhlistaa luonnon ihmeellisyytt\u00e4, monimuotoisuutta sek\u00e4 kyky\u00e4 inspiroida meit\u00e4 ihmisi\u00e4. Tervetuloa mukaan tanssiin, jossa viej\u00e4n\u00e4 on luonto ja jota siivitt\u00e4\u00e4 el\u00e4v\u00e4 musiikki! Maksuttoman tapahtuman kesto noin 1,5 tuntia sis\u00e4lt\u00e4en v\u00e4liajan.<\/p>\n\n\n\n<p>Aika: su 25.1.2026 klo 16-17.30<\/p>\n\n\n\n<p>Paikka: Luonto- ja hyvinvointitalo Peukaloinen, \u00c4ngeslev\u00e4n Ylip\u00e4\u00e4ntie 6, 91800 Tyrn\u00e4v\u00e4<\/p>\n\n\n\n<p>Tapahtuman toteutukseen on my\u00f6nnetty Oulun kulttuuris\u00e4\u00e4ti\u00f6n avustusta. <\/p>\n\n\n\n<h2 class=\"wp-block-heading\">Mets\u00e4npeitto -mets\u00e4retki lapsille<\/h2>\n\n\n\n<figure class=\"wp-block-image size-large\"><a href=\"https:\/\/markkuu.fi\/wordpress\/wp-content\/uploads\/2025\/12\/Metsanpeitto_Esa_Holopainen.jpg\"><img loading=\"lazy\" decoding=\"async\" width=\"1024\" height=\"559\" src=\"https:\/\/markkuu.fi\/wordpress\/wp-content\/uploads\/2025\/12\/Metsanpeitto_Esa_Holopainen-1024x559.jpg\" alt=\"\" class=\"wp-image-1710\" srcset=\"https:\/\/markkuu.fi\/wordpress\/wp-content\/uploads\/2025\/12\/Metsanpeitto_Esa_Holopainen-1024x559.jpg 1024w, https:\/\/markkuu.fi\/wordpress\/wp-content\/uploads\/2025\/12\/Metsanpeitto_Esa_Holopainen-300x164.jpg 300w, https:\/\/markkuu.fi\/wordpress\/wp-content\/uploads\/2025\/12\/Metsanpeitto_Esa_Holopainen-768x419.jpg 768w, https:\/\/markkuu.fi\/wordpress\/wp-content\/uploads\/2025\/12\/Metsanpeitto_Esa_Holopainen-1536x838.jpg 1536w, https:\/\/markkuu.fi\/wordpress\/wp-content\/uploads\/2025\/12\/Metsanpeitto_Esa_Holopainen.jpg 1980w\" sizes=\"auto, (max-width: 1024px) 100vw, 1024px\" \/><\/a><figcaption class=\"wp-element-caption\">Kuva Esa Holopainen.<\/figcaption><\/figure>\n\n\n\n<p>Tarvitaan apujoukkoja! Pieni mets\u00e4nhaltija on kadonnut mets\u00e4npeittoon. Suur-mets\u00e4nhaltija kokoaa etsint\u00e4partion ja seikkailu voi alkaa. Mets\u00e4npeitto on retki toiseen maailmaan, jossa ikivanhat puut kertovat tarinoita niille, jotka malttavat pys\u00e4hty\u00e4. Tarinallinen retki johdattaa lapset tutkimaan ja kokemaan luontoa moniaistisesti musiikillisin ev\u00e4in Luonto- ja hyvinvointitalo Peukaloisen l\u00e4himets\u00e4ss\u00e4. Reitin pituus on noin 200 metri\u00e4, retken kesto noin 1 tunti sis\u00e4lt\u00e4en pienet retkiev\u00e4\u00e4t lapsille. Maksimi osallistujam\u00e4\u00e4r\u00e4 8 lasta \/ retki. Tapahtuman aikana j\u00e4rjestet\u00e4\u00e4n kaksi erillist\u00e4 maksutonta retke\u00e4, joihin on ennakkoilmoittautuminen.<\/p>\n\n\n\n<p>Aika: 23.8.2026 klo 15 ja 17<\/p>\n\n\n\n<p>Kaksi erillist\u00e4 retke\u00e4, joihin on ennakkoilmoittautuminen. Ilmoittautumisen avautumisesta tiedotetaan l\u00e4hemp\u00e4n\u00e4 tapahtumaa.<\/p>\n\n\n\n<p>Paikka: Luonto- ja hyvinvointitalo Peukaloinen, \u00c4ngeslev\u00e4n Ylip\u00e4\u00e4ntie 6, 91800 Tyrn\u00e4v\u00e4<\/p>\n\n\n\n<p>Tapahtuman toteutukseen on my\u00f6nnetty Euroopan maaseuturahaston rahoitusta.<\/p>\n\n\n\n<h2 class=\"wp-block-heading\">Villi suo ja hangen hurmaa<\/h2>\n\n\n\n<figure class=\"wp-block-image size-large\"><a href=\"https:\/\/markkuu.fi\/wordpress\/wp-content\/uploads\/2025\/12\/Kerojarven_suo_Honkalinna_0746.jpg\"><img loading=\"lazy\" decoding=\"async\" width=\"1024\" height=\"658\" src=\"https:\/\/markkuu.fi\/wordpress\/wp-content\/uploads\/2025\/12\/Kerojarven_suo_Honkalinna_0746-1024x658.jpg\" alt=\"\" class=\"wp-image-1733\" srcset=\"https:\/\/markkuu.fi\/wordpress\/wp-content\/uploads\/2025\/12\/Kerojarven_suo_Honkalinna_0746-1024x658.jpg 1024w, https:\/\/markkuu.fi\/wordpress\/wp-content\/uploads\/2025\/12\/Kerojarven_suo_Honkalinna_0746-300x193.jpg 300w, https:\/\/markkuu.fi\/wordpress\/wp-content\/uploads\/2025\/12\/Kerojarven_suo_Honkalinna_0746-768x494.jpg 768w, https:\/\/markkuu.fi\/wordpress\/wp-content\/uploads\/2025\/12\/Kerojarven_suo_Honkalinna_0746-1536x987.jpg 1536w, https:\/\/markkuu.fi\/wordpress\/wp-content\/uploads\/2025\/12\/Kerojarven_suo_Honkalinna_0746.jpg 1680w\" sizes=\"auto, (max-width: 1024px) 100vw, 1024px\" \/><\/a><figcaption class=\"wp-element-caption\">Kuva Mika Honkalinna.<\/figcaption><\/figure>\n\n\n\n<p>Kiehtova suoluonto ja talven estetiikka kuvittavat illan esityst\u00e4. Mika Honkalinnan pohjoisen luonnon kuvat nostavat esiin my\u00f6s ajankohtaisia ymp\u00e4rist\u00f6teemoja. Luonnontilaiset suot ovat kappale kaikkein alkuper\u00e4isint\u00e4 luontoamme. Osaammeko arvostaa niit\u00e4? Ent\u00e4 ovatko lumitalvet pian vain muistoissamme? Lauluyhtyeen Toiset Meist\u00e4 herk\u00e4n kepe\u00e4sti tulkitsema musiikki ja runot maalaavat esiin moninaisia tunnelmia tarinaan. My\u00f6s yleis\u00f6 p\u00e4\u00e4see osallistumaan ohjelmaan yhteislaulun merkeiss\u00e4. <\/p>\n\n\n\n<p>Tapahtuman kesto noin 2 tuntia. Tapahtumaan ei ole p\u00e4\u00e4symaksua. V\u00e4liajalla kahvio (k\u00e4teis- ja korttimaksu).<\/p>\n\n\n\n<p>Aika: su 1.11.2026 klo 17.00<\/p>\n\n\n\n<p>Paikka: Luonto- ja hyvinvointitalo Peukaloinen, \u00c4ngeslev\u00e4n Ylip\u00e4\u00e4ntie 6, 91800 Tyrn\u00e4v\u00e4<\/p>\n\n\n\n<p>Tapahtuman toteutukseen on my\u00f6nnetty Euroopan maaseuturahaston rahoitusta.<\/p>\n\n\n\n<figure class=\"wp-block-gallery has-nested-images columns-default is-cropped wp-block-gallery-1 is-layout-flex wp-block-gallery-is-layout-flex\">\n<figure class=\"wp-block-image size-large\"><a href=\"https:\/\/markkuu.fi\/wordpress\/wp-content\/uploads\/2025\/12\/eu_norsu-002.png\"><img loading=\"lazy\" decoding=\"async\" width=\"1024\" height=\"226\" data-id=\"1711\" src=\"https:\/\/markkuu.fi\/wordpress\/wp-content\/uploads\/2025\/12\/eu_norsu-002-1024x226.png\" alt=\"\" class=\"wp-image-1711\" srcset=\"https:\/\/markkuu.fi\/wordpress\/wp-content\/uploads\/2025\/12\/eu_norsu-002-1024x226.png 1024w, https:\/\/markkuu.fi\/wordpress\/wp-content\/uploads\/2025\/12\/eu_norsu-002-300x66.png 300w, https:\/\/markkuu.fi\/wordpress\/wp-content\/uploads\/2025\/12\/eu_norsu-002-768x170.png 768w, https:\/\/markkuu.fi\/wordpress\/wp-content\/uploads\/2025\/12\/eu_norsu-002.png 1128w\" sizes=\"auto, (max-width: 1024px) 100vw, 1024px\" \/><\/a><\/figure>\n<\/figure>\n","protected":false},"excerpt":{"rendered":"<p>Villi luonto inspiroi kuvia, musiikkia, tarinoita. Markkuun kyl\u00e4n luontotrilogia yhdist\u00e4\u00e4 teemoja ja ammentaa aineksia kansanperinteest\u00e4. Tule villiintym\u00e4\u00e4n kanssamme tammi-, elo- ja marraskuun tapahtumiin Luonto- ja hyvinvointitalo Peukaloiseen! Oulu on Euroopan kulttuurip\u00e4\u00e4kaupunki vuonna 2026.&nbsp;Markkuun villikuut -luontotrilogia on osa Oulu2026-kulttuuriohjelmaa ja kulttuuri-ilmastonmuutosta. Markkuun Villikuut -tapahtumasarja tuo esiin kulttuuria monipuolisesti, musiikin, luontokuvien ja runojen keinoin, sek\u00e4 korostaa suomalaista &hellip; <a href=\"https:\/\/markkuu.fi\/wordpress\/?page_id=1706\" class=\"more-link\">Jatka lukemista <span class=\"screen-reader-text\">MARKKUUN VILLIKUUT<\/span> <span class=\"meta-nav\">&rarr;<\/span><\/a><\/p>\n","protected":false},"author":2,"featured_media":0,"parent":2,"menu_order":0,"comment_status":"closed","ping_status":"closed","template":"","meta":{"footnotes":""},"class_list":["post-1706","page","type-page","status-publish","hentry"],"_links":{"self":[{"href":"https:\/\/markkuu.fi\/wordpress\/index.php?rest_route=\/wp\/v2\/pages\/1706","targetHints":{"allow":["GET"]}}],"collection":[{"href":"https:\/\/markkuu.fi\/wordpress\/index.php?rest_route=\/wp\/v2\/pages"}],"about":[{"href":"https:\/\/markkuu.fi\/wordpress\/index.php?rest_route=\/wp\/v2\/types\/page"}],"author":[{"embeddable":true,"href":"https:\/\/markkuu.fi\/wordpress\/index.php?rest_route=\/wp\/v2\/users\/2"}],"replies":[{"embeddable":true,"href":"https:\/\/markkuu.fi\/wordpress\/index.php?rest_route=%2Fwp%2Fv2%2Fcomments&post=1706"}],"version-history":[{"count":11,"href":"https:\/\/markkuu.fi\/wordpress\/index.php?rest_route=\/wp\/v2\/pages\/1706\/revisions"}],"predecessor-version":[{"id":1740,"href":"https:\/\/markkuu.fi\/wordpress\/index.php?rest_route=\/wp\/v2\/pages\/1706\/revisions\/1740"}],"up":[{"embeddable":true,"href":"https:\/\/markkuu.fi\/wordpress\/index.php?rest_route=\/wp\/v2\/pages\/2"}],"wp:attachment":[{"href":"https:\/\/markkuu.fi\/wordpress\/index.php?rest_route=%2Fwp%2Fv2%2Fmedia&parent=1706"}],"curies":[{"name":"wp","href":"https:\/\/api.w.org\/{rel}","templated":true}]}}

<p><em>Villi luonto inspiroi kuvia, musiikkia, tarinoita. Markkuun kylän luontotrilogia yhdistää teemoja ja ammentaa aineksia kansanperinteestä. Tule villiintymään kanssamme tammi-, elo- ja marraskuun tapahtumiin Luonto- ja hyvinvointitalo Peukaloiseen!</em></p>



<div class="wp-block-media-text is-stacked-on-mobile"><figure class="wp-block-media-text__media"><img loading="lazy" decoding="async" width="998" height="1024" src="https://markkuu.fi/wordpress/wp-content/uploads/2025/12/Official_programme_hilla_1-1-998x1024.png" alt="" class="wp-image-1714 size-full" srcset="https://markkuu.fi/wordpress/wp-content/uploads/2025/12/Official_programme_hilla_1-1-998x1024.png 998w, https://markkuu.fi/wordpress/wp-content/uploads/2025/12/Official_programme_hilla_1-1-292x300.png 292w, https://markkuu.fi/wordpress/wp-content/uploads/2025/12/Official_programme_hilla_1-1-768x788.png 768w, https://markkuu.fi/wordpress/wp-content/uploads/2025/12/Official_programme_hilla_1-1.png 1009w" sizes="auto, (max-width: 998px) 100vw, 998px" /></figure><div class="wp-block-media-text__content">
<p><em>Oulu on Euroopan kulttuuripääkaupunki vuonna 2026.&nbsp;Markkuun villikuut -luontotrilogia on osa Oulu2026-kulttuuriohjelmaa ja kulttuuri-ilmastonmuutosta.</em></p>
</div></div>



<p>Markkuun Villikuut -tapahtumasarja tuo esiin kulttuuria monipuolisesti, musiikin, luontokuvien ja runojen keinoin, sekä korostaa suomalaista kansanperinnettä sekä luontoa kulttuurin lähteenä. Tapahtumasarjan suunnittelussa ja toteutuksessa ovat mukana kaksi luontokuvaajaa, <a href="https://honkalinna.fi/" target="_blank" rel="noreferrer noopener">Mika Honkalinna</a> ja Saara Pouta, muusikot Heinituuli Holopainen ja Niina Mäkiharju sekä <a href="https://www.facebook.com/lauluyhtyetoisetmeista" target="_blank" rel="noreferrer noopener">Lauluyhtye Toiset Meistä</a>. Tapahtumien pääjärjestäjä on <a href="https://markkuu.fi/wordpress/?page_id=13" data-type="page" data-id="13">Markkuun Seudun Kyläyhdistys ry</a>.</p>



<h2 class="wp-block-heading">Tanssi kanssani</h2>



<figure class="wp-block-image size-large"><a href="https://markkuu.fi/wordpress/wp-content/uploads/2025/12/Tanssikanssani_Saara_Pouta.jpg"><img loading="lazy" decoding="async" width="1024" height="576" src="https://markkuu.fi/wordpress/wp-content/uploads/2025/12/Tanssikanssani_Saara_Pouta-1024x576.jpg" alt="" class="wp-image-1709" srcset="https://markkuu.fi/wordpress/wp-content/uploads/2025/12/Tanssikanssani_Saara_Pouta-1024x576.jpg 1024w, https://markkuu.fi/wordpress/wp-content/uploads/2025/12/Tanssikanssani_Saara_Pouta-300x169.jpg 300w, https://markkuu.fi/wordpress/wp-content/uploads/2025/12/Tanssikanssani_Saara_Pouta-768x432.jpg 768w, https://markkuu.fi/wordpress/wp-content/uploads/2025/12/Tanssikanssani_Saara_Pouta-1536x864.jpg 1536w, https://markkuu.fi/wordpress/wp-content/uploads/2025/12/Tanssikanssani_Saara_Pouta.jpg 1920w" sizes="auto, (max-width: 1024px) 100vw, 1024px" /></a><figcaption class="wp-element-caption">Kuva Saara Pouta.</figcaption></figure>



<p>Tanssi kanssani -kuvaesitys kutsuu katsojat lähestymään luontoa avoimin ja herkin&nbsp;mielin. Valon ja varjon vuorottelu on keskeinen osa Saara Poudan kuvaesitystä, symboloiden luonnon jatkuvaa muutosta ja dynamiikkaa. Musiikki seuraa kuvia varjosta valoon ja vahvistaa yhteyttämme luonnon kanssa. Esitys juhlistaa luonnon ihmeellisyyttä, monimuotoisuutta sekä kykyä inspiroida meitä ihmisiä. Tervetuloa mukaan tanssiin, jossa viejänä on luonto ja jota siivittää elävä musiikki! Maksuttoman tapahtuman kesto noin 1,5 tuntia sisältäen väliajan.</p>



<p>Aika: su 25.1.2026 klo 16-17.30</p>



<p>Paikka: Luonto- ja hyvinvointitalo Peukaloinen, Ängeslevän Ylipääntie 6, 91800 Tyrnävä</p>



<p>Tapahtuman toteutukseen on myönnetty Oulun kulttuurisäätiön avustusta. </p>



<h2 class="wp-block-heading">Metsänpeitto -metsäretki lapsille</h2>



<figure class="wp-block-image size-large"><a href="https://markkuu.fi/wordpress/wp-content/uploads/2025/12/Metsanpeitto_Esa_Holopainen.jpg"><img loading="lazy" decoding="async" width="1024" height="559" src="https://markkuu.fi/wordpress/wp-content/uploads/2025/12/Metsanpeitto_Esa_Holopainen-1024x559.jpg" alt="" class="wp-image-1710" srcset="https://markkuu.fi/wordpress/wp-content/uploads/2025/12/Metsanpeitto_Esa_Holopainen-1024x559.jpg 1024w, https://markkuu.fi/wordpress/wp-content/uploads/2025/12/Metsanpeitto_Esa_Holopainen-300x164.jpg 300w, https://markkuu.fi/wordpress/wp-content/uploads/2025/12/Metsanpeitto_Esa_Holopainen-768x419.jpg 768w, https://markkuu.fi/wordpress/wp-content/uploads/2025/12/Metsanpeitto_Esa_Holopainen-1536x838.jpg 1536w, https://markkuu.fi/wordpress/wp-content/uploads/2025/12/Metsanpeitto_Esa_Holopainen.jpg 1980w" sizes="auto, (max-width: 1024px) 100vw, 1024px" /></a><figcaption class="wp-element-caption">Kuva Esa Holopainen.</figcaption></figure>



<p>Tarvitaan apujoukkoja! Pieni metsänhaltija on kadonnut metsänpeittoon. Suur-metsänhaltija kokoaa etsintäpartion ja seikkailu voi alkaa. Metsänpeitto on retki toiseen maailmaan, jossa ikivanhat puut kertovat tarinoita niille, jotka malttavat pysähtyä. Tarinallinen retki johdattaa lapset tutkimaan ja kokemaan luontoa moniaistisesti musiikillisin eväin Luonto- ja hyvinvointitalo Peukaloisen lähimetsässä. Reitin pituus on noin 200 metriä, retken kesto noin 1 tunti sisältäen pienet retkieväät lapsille. Maksimi osallistujamäärä 8 lasta / retki. Tapahtuman aikana järjestetään kaksi erillistä maksutonta retkeä, joihin on ennakkoilmoittautuminen.</p>



<p>Aika: 23.8.2026 klo 15 ja 17</p>



<p>Kaksi erillistä retkeä, joihin on ennakkoilmoittautuminen. Ilmoittautumisen avautumisesta tiedotetaan lähempänä tapahtumaa.</p>



<p>Paikka: Luonto- ja hyvinvointitalo Peukaloinen, Ängeslevän Ylipääntie 6, 91800 Tyrnävä</p>



<p>Tapahtuman toteutukseen on myönnetty Euroopan maaseuturahaston rahoitusta.</p>



<h2 class="wp-block-heading">Villi suo ja hangen hurmaa</h2>



<figure class="wp-block-image size-large"><a href="https://markkuu.fi/wordpress/wp-content/uploads/2025/12/Kerojarven_suo_Honkalinna_0746.jpg"><img loading="lazy" decoding="async" width="1024" height="658" src="https://markkuu.fi/wordpress/wp-content/uploads/2025/12/Kerojarven_suo_Honkalinna_0746-1024x658.jpg" alt="" class="wp-image-1733" srcset="https://markkuu.fi/wordpress/wp-content/uploads/2025/12/Kerojarven_suo_Honkalinna_0746-1024x658.jpg 1024w, https://markkuu.fi/wordpress/wp-content/uploads/2025/12/Kerojarven_suo_Honkalinna_0746-300x193.jpg 300w, https://markkuu.fi/wordpress/wp-content/uploads/2025/12/Kerojarven_suo_Honkalinna_0746-768x494.jpg 768w, https://markkuu.fi/wordpress/wp-content/uploads/2025/12/Kerojarven_suo_Honkalinna_0746-1536x987.jpg 1536w, https://markkuu.fi/wordpress/wp-content/uploads/2025/12/Kerojarven_suo_Honkalinna_0746.jpg 1680w" sizes="auto, (max-width: 1024px) 100vw, 1024px" /></a><figcaption class="wp-element-caption">Kuva Mika Honkalinna.</figcaption></figure>



<p>Kiehtova suoluonto ja talven estetiikka kuvittavat illan esitystä. Mika Honkalinnan pohjoisen luonnon kuvat nostavat esiin myös ajankohtaisia ympäristöteemoja. Luonnontilaiset suot ovat kappale kaikkein alkuperäisintä luontoamme. Osaammeko arvostaa niitä? Entä ovatko lumitalvet pian vain muistoissamme? Lauluyhtyeen Toiset Meistä herkän kepeästi tulkitsema musiikki ja runot maalaavat esiin moninaisia tunnelmia tarinaan. Myös yleisö pääsee osallistumaan ohjelmaan yhteislaulun merkeissä. </p>



<p>Tapahtuman kesto noin 2 tuntia. Tapahtumaan ei ole pääsymaksua. Väliajalla kahvio (käteis- ja korttimaksu).</p>



<p>Aika: su 1.11.2026 klo 17.00</p>



<p>Paikka: Luonto- ja hyvinvointitalo Peukaloinen, Ängeslevän Ylipääntie 6, 91800 Tyrnävä</p>



<p>Tapahtuman toteutukseen on myönnetty Euroopan maaseuturahaston rahoitusta.</p>



<figure class="wp-block-gallery has-nested-images columns-default is-cropped wp-block-gallery-1 is-layout-flex wp-block-gallery-is-layout-flex">
<figure class="wp-block-image size-large"><a href="https://markkuu.fi/wordpress/wp-content/uploads/2025/12/eu_norsu-002.png"><img loading="lazy" decoding="async" width="1024" height="226" data-id="1711" src="https://markkuu.fi/wordpress/wp-content/uploads/2025/12/eu_norsu-002-1024x226.png" alt="" class="wp-image-1711" srcset="https://markkuu.fi/wordpress/wp-content/uploads/2025/12/eu_norsu-002-1024x226.png 1024w, https://markkuu.fi/wordpress/wp-content/uploads/2025/12/eu_norsu-002-300x66.png 300w, https://markkuu.fi/wordpress/wp-content/uploads/2025/12/eu_norsu-002-768x170.png 768w, https://markkuu.fi/wordpress/wp-content/uploads/2025/12/eu_norsu-002.png 1128w" sizes="auto, (max-width: 1024px) 100vw, 1024px" /></a></figure>
</figure>

<p>Villi luonto inspiroi kuvia, musiikkia, tarinoita. Markkuun kylän luontotrilogia yhdistää teemoja ja ammentaa aineksia kansanperinteestä. Tule villiintymään kanssamme tammi-, elo- ja marraskuun tapahtumiin Luonto- ja hyvinvointitalo Peukaloiseen! Oulu on Euroopan kulttuuripääkaupunki vuonna 2026.&nbsp;Markkuun villikuut -luontotrilogia on osa Oulu2026-kulttuuriohjelmaa ja kulttuuri-ilmastonmuutosta. Markkuun Villikuut -tapahtumasarja tuo esiin kulttuuria monipuolisesti, musiikin, luontokuvien ja runojen keinoin, sekä korostaa suomalaista &hellip; <a href="https://markkuu.fi/wordpress/?page_id=1706" class="more-link">Jatka lukemista <span class="screen-reader-text">MARKKUUN VILLIKUUT</span> <span class="meta-nav">&rarr;</span></a></p>
