{"id":2,"date":"2015-09-16T07:24:25","date_gmt":"2015-09-16T04:24:25","guid":{"rendered":"http:\/\/wp431m.a10-52-158-154.qa.plesk.ru\/wordpress\/?page_id=2"},"modified":"2025-12-01T21:11:06","modified_gmt":"2025-12-01T19:11:06","slug":"sample-page","status":"publish","type":"page","link":"https:\/\/markkuu.fi\/wordpress\/?page_id=2","title":{"rendered":"Mahdollisuuksien Markkuu kehittyy"},"content":{"rendered":"<p><span style=\"font-weight: 400;\">Muhostiet\u00e4 ajaessa kyl\u00e4n saattaa helposti ohittaa, mutta ei pid\u00e4 antaa ensivaikutelman h\u00e4m\u00e4t\u00e4; Markkuun kyl\u00e4ss\u00e4 nimitt\u00e4in tapahtuu paljon! Aktiivisten ihmisten joukko \u00a0vaihtelee, mutta visio elinvoimaisesta kyl\u00e4st\u00e4 on s\u00e4ilynyt vahvana vuosikymmeni\u00e4 ja vahvistuu edelleen. Markkuulla kelpaa asua ja yritt\u00e4\u00e4, mahdollisuuksia riitt\u00e4\u00e4 ja niihin tartutaan reippaalla otteella.\u00a0<\/span><\/p>\n<figure id=\"attachment_224\" aria-describedby=\"caption-attachment-224\" style=\"width: 474px\" class=\"wp-caption alignnone\"><a href=\"http:\/\/markkuu.fi\/wordpress\/wp-content\/uploads\/2015\/09\/IMG_2168.jpg\"><img loading=\"lazy\" decoding=\"async\" class=\"wp-image-224 size-large\" src=\"http:\/\/markkuu.fi\/wordpress\/wp-content\/uploads\/2015\/09\/IMG_2168-1024x683.jpg\" alt=\"IMG_2168\" width=\"474\" height=\"316\" \/><\/a><figcaption id=\"caption-attachment-224\" class=\"wp-caption-text\">Kyl\u00e4yhdistys j\u00e4rjest\u00e4\u00e4 monenlaisia tapahtumia. Kuva Sari Arffman.<\/figcaption><\/figure>\n<h1><b>Aktiivinen kyl\u00e4 Tyrn\u00e4v\u00e4ll\u00e4<\/b><\/h1>\n<p><span style=\"font-weight: 400;\">N\u00e4kyvimm\u00e4t kehitt\u00e4miskohteet Markkuulla t\u00e4ll\u00e4 hetkell\u00e4:<\/span><\/p>\n<ul>\n<ul>\n<li style=\"font-weight: 400;\"><span style=\"font-weight: 400;\">L\u00e4hiliikunta- ja harrastusmahdollisuudet<\/span><\/li>\n<li style=\"font-weight: 400;\"><span style=\"font-weight: 400;\"><a href=\"http:\/\/markkuu.fi\/wordpress\/?page_id=60\">Kyl\u00e4koulu<\/a><\/span><\/li>\n<li style=\"font-weight: 400;\"><span style=\"font-weight: 400;\"><a href=\"http:\/\/markkuu.fi\/wordpress\/?page_id=82\">Luontopolku<\/a> <\/span><\/li>\n<li style=\"font-weight: 400;\"><span style=\"font-weight: 400;\"><a href=\"http:\/\/markkuu.fi\/wordpress\/?page_id=91\">Ampumaradan uimapaikka Rauhionojalla<\/a><\/span><\/li>\n<li style=\"font-weight: 400;\"><span style=\"font-weight: 400;\">Kyl\u00e4n nykyiset ja uudet elinkeinot<\/span><\/li>\n<\/ul>\n<\/ul>\n<p><span style=\"font-weight: 400;\">Tarkempaa tietoa kyl\u00e4n kehitt\u00e4missuunnitelmista voi lukea syksyll\u00e4 2015 p\u00e4ivitetyst\u00e4 <a href=\"http:\/\/markkuu.fi\/wordpress\/?page_id=537\" target=\"_blank\" rel=\"noopener\">kyl\u00e4suunnitelmasta<\/a>. <a href=\"http:\/\/markkuu.fi\/wordpress\/?page_id=700\" target=\"_blank\" rel=\"noopener\">Mahdollisuuksien Markkuu -hankkeella<\/a> kehitet\u00e4\u00e4n kyl\u00e4n virkistys- ja harrastusmahdollisuuksia sek\u00e4 luodaan palveluyritystoiminnalle toimintamahdollisuuksia. Kyl\u00e4n palveluja kehitet\u00e4\u00e4n osana <a href=\"http:\/\/www.nousevarannikkoseutu.fi\/fi\/kylat\/palvelevat-kylat\" target=\"_blank\" rel=\"noopener\">Palvelevat kyl\u00e4t -hanketta<\/a>.<\/span><\/p>\n<p><span style=\"font-weight: 400;\">Kyl\u00e4n kehitt\u00e4minen on kaikille avointa toimintaa, joten ota yhteytt\u00e4, jos haluat mukaan edist\u00e4m\u00e4\u00e4n asioita!<\/span><\/p>\n<p><a href=\"http:\/\/www.instagram.com\/markkuu_tyrnava\/\"><img loading=\"lazy\" decoding=\"async\" class=\"alignnone size-full wp-image-412\" src=\"http:\/\/markkuu.fi\/wordpress\/wp-content\/uploads\/2016\/01\/instagram.png\" alt=\"instagram\" width=\"52\" height=\"52\" \/><\/a><a href=\"https:\/\/www.facebook.com\/markkuunkylayhdistys\/\"><img loading=\"lazy\" decoding=\"async\" class=\"alignnone size-full wp-image-411\" src=\"http:\/\/markkuu.fi\/wordpress\/wp-content\/uploads\/2016\/01\/facebook.png\" alt=\"facebook\" width=\"52\" height=\"52\" \/><\/a><a href=\"https:\/\/twitter.com\/markkuu_tyrnava\"><img loading=\"lazy\" decoding=\"async\" class=\"alignnone size-full wp-image-407\" src=\"http:\/\/markkuu.fi\/wordpress\/wp-content\/uploads\/2016\/01\/twitter-1.png\" alt=\"twitter-1\" width=\"52\" height=\"52\" \/><\/a><br \/>\n<script>\/\/ <![CDATA[\n!function(d,s,id){var js,fjs=d.getElementsByTagName(s)[0],p=\/^http:\/.test(d.location)?'http':'https';if(!d.getElementById(id)){js=d.createElement(s);js.id=id;js.src=p+':\/\/platform.twitter.com\/widgets.js';fjs.parentNode.insertBefore(js,fjs);}}(document, 'script', 'twitter-wjs');\n\/\/ ]]><\/script><\/p>\n","protected":false},"excerpt":{"rendered":"<p>Muhostiet\u00e4 ajaessa kyl\u00e4n saattaa helposti ohittaa, mutta ei pid\u00e4 antaa ensivaikutelman h\u00e4m\u00e4t\u00e4; Markkuun kyl\u00e4ss\u00e4 nimitt\u00e4in tapahtuu paljon! Aktiivisten ihmisten joukko \u00a0vaihtelee, mutta visio elinvoimaisesta kyl\u00e4st\u00e4 on s\u00e4ilynyt vahvana vuosikymmeni\u00e4 ja vahvistuu edelleen. Markkuulla kelpaa asua ja yritt\u00e4\u00e4, mahdollisuuksia riitt\u00e4\u00e4 ja niihin tartutaan reippaalla otteella.\u00a0 Aktiivinen kyl\u00e4 Tyrn\u00e4v\u00e4ll\u00e4 N\u00e4kyvimm\u00e4t kehitt\u00e4miskohteet Markkuulla t\u00e4ll\u00e4 hetkell\u00e4: L\u00e4hiliikunta- ja harrastusmahdollisuudet &hellip; <a href=\"https:\/\/markkuu.fi\/wordpress\/?page_id=2\" class=\"more-link\">Jatka lukemista <span class=\"screen-reader-text\">Mahdollisuuksien Markkuu kehittyy<\/span> <span class=\"meta-nav\">&rarr;<\/span><\/a><\/p>\n","protected":false},"author":1,"featured_media":0,"parent":0,"menu_order":1,"comment_status":"closed","ping_status":"closed","template":"","meta":{"footnotes":""},"class_list":["post-2","page","type-page","status-publish","hentry"],"_links":{"self":[{"href":"https:\/\/markkuu.fi\/wordpress\/index.php?rest_route=\/wp\/v2\/pages\/2","targetHints":{"allow":["GET"]}}],"collection":[{"href":"https:\/\/markkuu.fi\/wordpress\/index.php?rest_route=\/wp\/v2\/pages"}],"about":[{"href":"https:\/\/markkuu.fi\/wordpress\/index.php?rest_route=\/wp\/v2\/types\/page"}],"author":[{"embeddable":true,"href":"https:\/\/markkuu.fi\/wordpress\/index.php?rest_route=\/wp\/v2\/users\/1"}],"replies":[{"embeddable":true,"href":"https:\/\/markkuu.fi\/wordpress\/index.php?rest_route=%2Fwp%2Fv2%2Fcomments&post=2"}],"version-history":[{"count":27,"href":"https:\/\/markkuu.fi\/wordpress\/index.php?rest_route=\/wp\/v2\/pages\/2\/revisions"}],"predecessor-version":[{"id":1708,"href":"https:\/\/markkuu.fi\/wordpress\/index.php?rest_route=\/wp\/v2\/pages\/2\/revisions\/1708"}],"wp:attachment":[{"href":"https:\/\/markkuu.fi\/wordpress\/index.php?rest_route=%2Fwp%2Fv2%2Fmedia&parent=2"}],"curies":[{"name":"wp","href":"https:\/\/api.w.org\/{rel}","templated":true}]}}