{"id":537,"date":"2016-02-26T09:24:13","date_gmt":"2016-02-26T07:24:13","guid":{"rendered":"http:\/\/markkuu.fi\/wordpress\/?page_id=537"},"modified":"2016-10-07T20:05:40","modified_gmt":"2016-10-07T17:05:40","slug":"kylasuunnitelma","status":"publish","type":"page","link":"https:\/\/markkuu.fi\/wordpress\/?page_id=537","title":{"rendered":"Kyl\u00e4suunnitelma"},"content":{"rendered":"<p>Syksyll\u00e4 2015 laadittiin Mahdollisuuksien Markkuu -kyl\u00e4suunnitelma, jossa korostuvat erityisesti kyl\u00e4mme lasten ja nuorten mielipiteet ja toiveet. Kyl\u00e4suunnitelmaa esiteltiin marraskuussa 2015 kyl\u00e4kekkereill\u00e4 ja se hyv\u00e4ksyttiin kyl\u00e4yhdistyksen vuosikokouksessa 22.3.2016.<\/p>\n<p>Kyl\u00e4suunnitelmaan pohjautuvaa <a href=\"http:\/\/markkuu.fi\/wordpress\/?page_id=700\" target=\"_blank\">Mahdollisuuksien Markkuu -hanketta<\/a> toteutetaan vuosina 2016-2018.<\/p>\n<p><a href=\"http:\/\/markkuu.fi\/wordpress\/wp-content\/uploads\/2016\/02\/Kyl\u00e4suunnitelma_Mahdollisuuksien_Markkuu.docx\" rel=\"\">Kyl\u00e4suunnitelma Mahdollisuuksien Markkuu<\/a><\/p>\n<p><a href=\"http:\/\/markkuu.fi\/wordpress\/wp-content\/uploads\/2015\/11\/kyl\u00e4suunnitelma_liite_a.pdf\" rel=\"\">Kyl\u00e4suunnitelma Liite a<\/a><\/p>\n<p><a href=\"http:\/\/markkuu.fi\/wordpress\/wp-content\/uploads\/2015\/11\/Kyl\u00e4suunnitelma_liite_b.pdf\" rel=\"\">Kyl\u00e4suunnitelma Liite b<\/a><\/p>\n<p>&nbsp;<\/p>\n","protected":false},"excerpt":{"rendered":"<p>Syksyll\u00e4 2015 laadittiin Mahdollisuuksien Markkuu -kyl\u00e4suunnitelma, jossa korostuvat erityisesti kyl\u00e4mme lasten ja nuorten mielipiteet ja toiveet. Kyl\u00e4suunnitelmaa esiteltiin marraskuussa 2015 kyl\u00e4kekkereill\u00e4 ja se hyv\u00e4ksyttiin kyl\u00e4yhdistyksen vuosikokouksessa 22.3.2016. Kyl\u00e4suunnitelmaan pohjautuvaa Mahdollisuuksien Markkuu -hanketta toteutetaan vuosina 2016-2018. Kyl\u00e4suunnitelma Mahdollisuuksien Markkuu Kyl\u00e4suunnitelma Liite a Kyl\u00e4suunnitelma Liite b &nbsp;<\/p>\n","protected":false},"author":2,"featured_media":0,"parent":2,"menu_order":1,"comment_status":"closed","ping_status":"closed","template":"","meta":{"footnotes":""},"class_list":["post-537","page","type-page","status-publish","hentry"],"_links":{"self":[{"href":"https:\/\/markkuu.fi\/wordpress\/index.php?rest_route=\/wp\/v2\/pages\/537","targetHints":{"allow":["GET"]}}],"collection":[{"href":"https:\/\/markkuu.fi\/wordpress\/index.php?rest_route=\/wp\/v2\/pages"}],"about":[{"href":"https:\/\/markkuu.fi\/wordpress\/index.php?rest_route=\/wp\/v2\/types\/page"}],"author":[{"embeddable":true,"href":"https:\/\/markkuu.fi\/wordpress\/index.php?rest_route=\/wp\/v2\/users\/2"}],"replies":[{"embeddable":true,"href":"https:\/\/markkuu.fi\/wordpress\/index.php?rest_route=%2Fwp%2Fv2%2Fcomments&post=537"}],"version-history":[{"count":6,"href":"https:\/\/markkuu.fi\/wordpress\/index.php?rest_route=\/wp\/v2\/pages\/537\/revisions"}],"predecessor-version":[{"id":704,"href":"https:\/\/markkuu.fi\/wordpress\/index.php?rest_route=\/wp\/v2\/pages\/537\/revisions\/704"}],"up":[{"embeddable":true,"href":"https:\/\/markkuu.fi\/wordpress\/index.php?rest_route=\/wp\/v2\/pages\/2"}],"wp:attachment":[{"href":"https:\/\/markkuu.fi\/wordpress\/index.php?rest_route=%2Fwp%2Fv2%2Fmedia&parent=537"}],"curies":[{"name":"wp","href":"https:\/\/api.w.org\/{rel}","templated":true}]}}