{"id":82,"date":"2015-11-06T23:48:42","date_gmt":"2015-11-06T21:48:42","guid":{"rendered":"http:\/\/markkuu.fi\/wordpress\/?page_id=82"},"modified":"2021-02-10T20:54:36","modified_gmt":"2021-02-10T18:54:36","slug":"luontoseikkailu","status":"publish","type":"page","link":"https:\/\/markkuu.fi\/wordpress\/?page_id=82","title":{"rendered":"VIRKIST\u00c4YDY MARKKUULLA"},"content":{"rendered":"<p>Jos etsit p\u00e4iv\u00e4retkikohdetta Oulun seudulta, suuntaa kulkusi Markkuulle nauttimaan alueen mahtavasta luonnosta! Markkuun maastoissa voit <a href=\"http:\/\/markkuu.fi\/wordpress\/?page_id=85\" target=\"_blank\" rel=\"noopener noreferrer\">retkeill\u00e4<\/a>, <a href=\"http:\/\/markkuu.fi\/wordpress\/?page_id=1330\" target=\"_blank\" rel=\"noopener\">frisbeegolffata<\/a>, <a href=\"https:\/\/youtu.be\/hOE7ao6VxaI\" target=\"_blank\" rel=\"noopener noreferrer\">maastopy\u00f6r\u00e4ill\u00e4<\/a>, polkujuosta, ratsastaa, sienest\u00e4\u00e4, marjastaa&#8230; Vai haluaisitko kokeilla vaikkapa <a href=\"http:\/\/markkuu.fi\/wordpress\/?page_id=150\">geok\u00e4tk\u00f6ily\u00e4<\/a> tai tarkkailla lintujen syys- ja kev\u00e4tmuuttoa? Talviseen luontoon p\u00e4\u00e4set tutustumaan hiiht\u00e4en tai lumikengill\u00e4. Helteisin\u00e4 kes\u00e4p\u00e4ivin\u00e4 virkistyst\u00e4 tarjoaa kyl\u00e4n <a href=\"http:\/\/markkuu.fi\/wordpress\/?page_id=91\">uimapaikka<\/a>.<\/p>\n<figure id=\"attachment_228\" aria-describedby=\"caption-attachment-228\" style=\"width: 474px\" class=\"wp-caption alignnone\"><a href=\"http:\/\/markkuu.fi\/wordpress\/wp-content\/uploads\/2015\/11\/mira_ke2.jpg\"><img loading=\"lazy\" decoding=\"async\" class=\"wp-image-228 size-large\" src=\"http:\/\/markkuu.fi\/wordpress\/wp-content\/uploads\/2015\/11\/mira_ke2-1024x683.jpg\" alt=\"mira_ke2\" width=\"474\" height=\"316\" \/><\/a><figcaption id=\"caption-attachment-228\" class=\"wp-caption-text\">Markkuun luonto kutsuu. Kuva valokuvakilpailun nuorten sarjassa palkittu Mira Keski-Korpi.<\/figcaption><\/figure>\n<p>Alueen luontoon p\u00e4\u00e4set tutustumaan helposti<a href=\"http:\/\/markkuu.fi\/wordpress\/?page_id=85\"> Markkuun luontopolulla<\/a> (\u00c4ngeslev\u00e4n-Ylip\u00e4\u00e4ntie 6, Tyrn\u00e4v\u00e4). \u00c4ngeslev\u00e4njokivarsi on t\u00e4ynn\u00e4 vaihtelevia, omaleimaisia elinymp\u00e4rist\u00f6j\u00e4. Tule itse toteamaan ja h\u00e4mm\u00e4sty! P\u00e4iv\u00e4retkelle voi l\u00e4hte\u00e4 l\u00e4hikunnistakin; esim. Oulusta matka Markkuulle taittuu puolessa tunnissa.<\/p>\n<p>Haluamme kehitt\u00e4\u00e4 Markkuun upeita mahdollisuuksia entisest\u00e4\u00e4n\u00a0ja siksi kev\u00e4\u00e4n 2016 aikana OAMK opiskelija Paulus Kananen laati kyl\u00e4yhdistyksen tilauksesta luontopolulle <a href=\"http:\/\/urn.fi\/URN:NBN:fi:amk-201605025852\" target=\"_blank\" rel=\"noopener noreferrer\">yleissuunnitelman<\/a>.\u00a0 Ota yhteytt\u00e4 kyl\u00e4yhdistykseen, jos sinulla on ideoita tai ajatuksia Markkuun kyl\u00e4n kehitt\u00e4miseen tai luontopolkuun liittyen!<\/p>\n<p><b><br \/>\n<\/b><br \/>\n<a href=\"http:\/\/www.instagram.com\/markkuu_tyrnava\/\"><img loading=\"lazy\" decoding=\"async\" class=\"alignnone size-full wp-image-412\" src=\"http:\/\/markkuu.fi\/wordpress\/wp-content\/uploads\/2016\/01\/instagram.png\" alt=\"instagram\" width=\"52\" height=\"52\" \/><\/a><a href=\"https:\/\/www.facebook.com\/markkuunkylayhdistys\/\"><img loading=\"lazy\" decoding=\"async\" class=\"alignnone size-full wp-image-411\" src=\"http:\/\/markkuu.fi\/wordpress\/wp-content\/uploads\/2016\/01\/facebook.png\" alt=\"facebook\" width=\"52\" height=\"52\" \/><\/a><a href=\"https:\/\/twitter.com\/markkuu_tyrnava\"><img loading=\"lazy\" decoding=\"async\" class=\"alignnone size-full wp-image-407\" src=\"http:\/\/markkuu.fi\/wordpress\/wp-content\/uploads\/2016\/01\/twitter-1.png\" alt=\"twitter-1\" width=\"52\" height=\"52\" \/><\/a><br \/>\n<script>\/\/ <![CDATA[\n!function(d,s,id){var js,fjs=d.getElementsByTagName(s)[0],p=\/^http:\/.test(d.location)?'http':'https';if(!d.getElementById(id)){js=d.createElement(s);js.id=id;js.src=p+':\/\/platform.twitter.com\/widgets.js';fjs.parentNode.insertBefore(js,fjs);}}(document, 'script', 'twitter-wjs');<br \/>\n\/\/ ]]><\/script><\/p>\n","protected":false},"excerpt":{"rendered":"<p>Jos etsit p\u00e4iv\u00e4retkikohdetta Oulun seudulta, suuntaa kulkusi Markkuulle nauttimaan alueen mahtavasta luonnosta! Markkuun maastoissa voit retkeill\u00e4, frisbeegolffata, maastopy\u00f6r\u00e4ill\u00e4, polkujuosta, ratsastaa, sienest\u00e4\u00e4, marjastaa&#8230; Vai haluaisitko kokeilla vaikkapa geok\u00e4tk\u00f6ily\u00e4 tai tarkkailla lintujen syys- ja kev\u00e4tmuuttoa? Talviseen luontoon p\u00e4\u00e4set tutustumaan hiiht\u00e4en tai lumikengill\u00e4. Helteisin\u00e4 kes\u00e4p\u00e4ivin\u00e4 virkistyst\u00e4 tarjoaa kyl\u00e4n uimapaikka. Alueen luontoon p\u00e4\u00e4set tutustumaan helposti Markkuun luontopolulla (\u00c4ngeslev\u00e4n-Ylip\u00e4\u00e4ntie 6, &hellip; <a href=\"https:\/\/markkuu.fi\/wordpress\/?page_id=82\" class=\"more-link\">Jatka lukemista <span class=\"screen-reader-text\">VIRKIST\u00c4YDY MARKKUULLA<\/span> <span class=\"meta-nav\">&rarr;<\/span><\/a><\/p>\n","protected":false},"author":2,"featured_media":0,"parent":0,"menu_order":4,"comment_status":"closed","ping_status":"closed","template":"","meta":{"footnotes":""},"class_list":["post-82","page","type-page","status-publish","hentry"],"_links":{"self":[{"href":"https:\/\/markkuu.fi\/wordpress\/index.php?rest_route=\/wp\/v2\/pages\/82","targetHints":{"allow":["GET"]}}],"collection":[{"href":"https:\/\/markkuu.fi\/wordpress\/index.php?rest_route=\/wp\/v2\/pages"}],"about":[{"href":"https:\/\/markkuu.fi\/wordpress\/index.php?rest_route=\/wp\/v2\/types\/page"}],"author":[{"embeddable":true,"href":"https:\/\/markkuu.fi\/wordpress\/index.php?rest_route=\/wp\/v2\/users\/2"}],"replies":[{"embeddable":true,"href":"https:\/\/markkuu.fi\/wordpress\/index.php?rest_route=%2Fwp%2Fv2%2Fcomments&post=82"}],"version-history":[{"count":32,"href":"https:\/\/markkuu.fi\/wordpress\/index.php?rest_route=\/wp\/v2\/pages\/82\/revisions"}],"predecessor-version":[{"id":1424,"href":"https:\/\/markkuu.fi\/wordpress\/index.php?rest_route=\/wp\/v2\/pages\/82\/revisions\/1424"}],"wp:attachment":[{"href":"https:\/\/markkuu.fi\/wordpress\/index.php?rest_route=%2Fwp%2Fv2%2Fmedia&parent=82"}],"curies":[{"name":"wp","href":"https:\/\/api.w.org\/{rel}","templated":true}]}}