{"id":93,"date":"2015-11-07T00:03:13","date_gmt":"2015-11-06T22:03:13","guid":{"rendered":"http:\/\/markkuu.fi\/wordpress\/?page_id=93"},"modified":"2024-06-02T19:41:21","modified_gmt":"2024-06-02T16:41:21","slug":"muuta-markkuusta","status":"publish","type":"page","link":"https:\/\/markkuu.fi\/wordpress\/?page_id=93","title":{"rendered":"Lis\u00e4\u00e4 asiaa Markkuusta"},"content":{"rendered":"<p>Markkuun kyl\u00e4 sijaitsee Oulun seudulla, Tyrn\u00e4v\u00e4n kunnassa, noin kahdeksan kilometri\u00e4 Tyrn\u00e4v\u00e4n keskustasta Muhokselle p\u00e4in. \u00a0Naapurikuntien keskustat ovat kohtuullisen et\u00e4isyyden p\u00e4\u00e4ss\u00e4, Kempeleeseen on noin 22 kilometri\u00e4 ja Muhoksen keskustaan noin 15 kilometri\u00e4.<\/p>\n<h1><b>Markkuun seudun kyl\u00e4yhdistys ry<br \/>\n<\/b><\/h1>\n<p>Kyl\u00e4n kehitt\u00e4minen on antoisaa pitk\u00e4n t\u00e4ht\u00e4imen ty\u00f6t\u00e4. Markkuulla perustettiin Markkuun seudun kyl\u00e4yhdistys ry vuonna 1998 koordinoimaan toimintaa, jolla kyl\u00e4 pidet\u00e4\u00e4n elinvoimaisena. Aktiivisesti toimiva kyl\u00e4yhdistys edustaa kyl\u00e4n asukkaita&#8230;. ottaa kantaa kyl\u00e4\u00e4n liittyviin asioihin&#8230; yll\u00e4pit\u00e4\u00e4 Markkuun luontopolkua ja muita kyl\u00e4n virkistysalueita sek\u00e4 j\u00e4rjest\u00e4\u00e4 kyl\u00e4l\u00e4isi\u00e4 kiinnostavia tapahtumia. Kyl\u00e4yhdistyksell\u00e4 ei ole j\u00e4senmaksua, ja kaikki kyl\u00e4l\u00e4iset voivat osallistua yhdistyksen toimintaan.<\/p>\n<p>Jos sinulla on ideoita tai toiveita kyl\u00e4n harrastustoimintaan, kehitt\u00e4miseen tai muuhun vastaavaan liittyen, ota yhteytt\u00e4 kyl\u00e4yhdistyksen hallituksen j\u00e4seniin tai suoraan puheenjohtajaan.\u00a0Viesti\u00e4 voi laittaa palautelomakkeella, s\u00e4hk\u00f6postitse hallituksen j\u00e4senille ja kyl\u00e4yhdistyksen <a href=\"http:\/\/www.facebook.com\/markkuunkylayhdistys\" target=\"_blank\" rel=\"noopener noreferrer\">Facebook<\/a>&#8211; tai <a href=\"https:\/\/mobile.twitter.com\/markkuu_tyrnava\" target=\"_blank\" rel=\"noopener noreferrer\">Twitter<\/a>-tilin kautta!<\/p>\n<p>Tule mukaan kyl\u00e4yhdistyksen hallitukseen mukavaan porukkaan ideoimaan kyl\u00e4n toimintaa! T\u00e4ll\u00e4 hetkell\u00e4 hallituksessa on\u00a0 8 j\u00e4sent\u00e4. Vuosikokouksessa kev\u00e4\u00e4ll\u00e4 (maalis-huhtikuu) valitaan hallituksen j\u00e4senet seuraavaksi vuodeksi.<\/p>\n<p>Riina Rahkila, puheenjohtaja, riina.rahkila(at)gmail.com<\/p>\n<p>Karoliina Hintsala, varapuheenjohtaja<\/p>\n<p>Marika Laurila, sihteeri<\/p>\n<p>Anu Markus<\/p>\n<p>Sirpa Arffman<\/p>\n<p>Heinituuli Holopainen<\/p>\n<p>Paula Holopainen<\/p>\n<p>Leena Hakala<\/p>\n<p><a href=\"http:\/\/www.instagram.com\/markkuu_tyrnava\/\"><img loading=\"lazy\" decoding=\"async\" class=\"alignnone size-full wp-image-412\" src=\"http:\/\/markkuu.fi\/wordpress\/wp-content\/uploads\/2016\/01\/instagram.png\" alt=\"instagram\" width=\"52\" height=\"52\" \/><\/a><a href=\"https:\/\/www.facebook.com\/markkuunkylayhdistys\/\"><img loading=\"lazy\" decoding=\"async\" class=\"alignnone size-full wp-image-411\" src=\"http:\/\/markkuu.fi\/wordpress\/wp-content\/uploads\/2016\/01\/facebook.png\" alt=\"facebook\" width=\"52\" height=\"52\" \/><\/a><a href=\"https:\/\/twitter.com\/markkuu_tyrnava\"><img loading=\"lazy\" decoding=\"async\" class=\"alignnone size-full wp-image-407\" src=\"http:\/\/markkuu.fi\/wordpress\/wp-content\/uploads\/2016\/01\/twitter-1.png\" alt=\"twitter-1\" width=\"52\" height=\"52\" \/><\/a><br \/>\n<script>\/\/ <![CDATA[ !function(d,s,id){var js,fjs=d.getElementsByTagName(s)[0],p=\/^http:\/.test(d.location)?'http':'https';if(!d.getElementById(id)){js=d.createElement(s);js.id=id;js.src=p+':\/\/platform.twitter.com\/widgets.js';fjs.parentNode.insertBefore(js,fjs);}}(document, 'script', 'twitter-wjs'); \/\/ ]]><\/script><\/p>\n","protected":false},"excerpt":{"rendered":"<p>Markkuun kyl\u00e4 sijaitsee Oulun seudulla, Tyrn\u00e4v\u00e4n kunnassa, noin kahdeksan kilometri\u00e4 Tyrn\u00e4v\u00e4n keskustasta Muhokselle p\u00e4in. \u00a0Naapurikuntien keskustat ovat kohtuullisen et\u00e4isyyden p\u00e4\u00e4ss\u00e4, Kempeleeseen on noin 22 kilometri\u00e4 ja Muhoksen keskustaan noin 15 kilometri\u00e4. Markkuun seudun kyl\u00e4yhdistys ry Kyl\u00e4n kehitt\u00e4minen on antoisaa pitk\u00e4n t\u00e4ht\u00e4imen ty\u00f6t\u00e4. Markkuulla perustettiin Markkuun seudun kyl\u00e4yhdistys ry vuonna 1998 koordinoimaan toimintaa, jolla kyl\u00e4 pidet\u00e4\u00e4n &hellip; <a href=\"https:\/\/markkuu.fi\/wordpress\/?page_id=93\" class=\"more-link\">Jatka lukemista <span class=\"screen-reader-text\">Lis\u00e4\u00e4 asiaa Markkuusta<\/span> <span class=\"meta-nav\">&rarr;<\/span><\/a><\/p>\n","protected":false},"author":2,"featured_media":0,"parent":0,"menu_order":5,"comment_status":"closed","ping_status":"closed","template":"","meta":{"footnotes":""},"class_list":["post-93","page","type-page","status-publish","hentry"],"_links":{"self":[{"href":"https:\/\/markkuu.fi\/wordpress\/index.php?rest_route=\/wp\/v2\/pages\/93","targetHints":{"allow":["GET"]}}],"collection":[{"href":"https:\/\/markkuu.fi\/wordpress\/index.php?rest_route=\/wp\/v2\/pages"}],"about":[{"href":"https:\/\/markkuu.fi\/wordpress\/index.php?rest_route=\/wp\/v2\/types\/page"}],"author":[{"embeddable":true,"href":"https:\/\/markkuu.fi\/wordpress\/index.php?rest_route=\/wp\/v2\/users\/2"}],"replies":[{"embeddable":true,"href":"https:\/\/markkuu.fi\/wordpress\/index.php?rest_route=%2Fwp%2Fv2%2Fcomments&post=93"}],"version-history":[{"count":22,"href":"https:\/\/markkuu.fi\/wordpress\/index.php?rest_route=\/wp\/v2\/pages\/93\/revisions"}],"predecessor-version":[{"id":1655,"href":"https:\/\/markkuu.fi\/wordpress\/index.php?rest_route=\/wp\/v2\/pages\/93\/revisions\/1655"}],"wp:attachment":[{"href":"https:\/\/markkuu.fi\/wordpress\/index.php?rest_route=%2Fwp%2Fv2%2Fmedia&parent=93"}],"curies":[{"name":"wp","href":"https:\/\/api.w.org\/{rel}","templated":true}]}}

Lisää asiaa Markkuusta

<p>Markkuun kylä sijaitsee Oulun seudulla, Tyrnävän kunnassa, noin kahdeksan kilometriä Tyrnävän keskustasta Muhokselle päin.  Naapurikuntien keskustat ovat kohtuullisen etäisyyden päässä, Kempeleeseen on noin 22 kilometriä ja Muhoksen keskustaan noin 15 kilometriä.</p>
<h1><b>Markkuun seudun kyläyhdistys ry<br />
</b></h1>
<p>Kylän kehittäminen on antoisaa pitkän tähtäimen työtä. Markkuulla perustettiin Markkuun seudun kyläyhdistys ry vuonna 1998 koordinoimaan toimintaa, jolla kylä pidetään elinvoimaisena. Aktiivisesti toimiva kyläyhdistys edustaa kylän asukkaita&#8230;. ottaa kantaa kylään liittyviin asioihin&#8230; ylläpitää Markkuun luontopolkua ja muita kylän virkistysalueita sekä järjestää kyläläisiä kiinnostavia tapahtumia. Kyläyhdistyksellä ei ole jäsenmaksua, ja kaikki kyläläiset voivat osallistua yhdistyksen toimintaan.</p>
<p>Jos sinulla on ideoita tai toiveita kylän harrastustoimintaan, kehittämiseen tai muuhun vastaavaan liittyen, ota yhteyttä kyläyhdistyksen hallituksen jäseniin tai suoraan puheenjohtajaan. Viestiä voi laittaa palautelomakkeella, sähköpostitse hallituksen jäsenille ja kyläyhdistyksen <a href="http://www.facebook.com/markkuunkylayhdistys" target="_blank" rel="noopener noreferrer">Facebook</a>&#8211; tai <a href="https://mobile.twitter.com/markkuu_tyrnava" target="_blank" rel="noopener noreferrer">Twitter</a>-tilin kautta!</p>
<p>Tule mukaan kyläyhdistyksen hallitukseen mukavaan porukkaan ideoimaan kylän toimintaa! Tällä hetkellä hallituksessa on  8 jäsentä. Vuosikokouksessa keväällä (maalis-huhtikuu) valitaan hallituksen jäsenet seuraavaksi vuodeksi.</p>
<p>Riina Rahkila, puheenjohtaja, riina.rahkila(at)gmail.com</p>
<p>Karoliina Hintsala, varapuheenjohtaja</p>
<p>Marika Laurila, sihteeri</p>
<p>Anu Markus</p>
<p>Sirpa Arffman</p>
<p>Heinituuli Holopainen</p>
<p>Paula Holopainen</p>
<p>Leena Hakala</p>
<p><a href="http://www.instagram.com/markkuu_tyrnava/"><img loading="lazy" decoding="async" class="alignnone size-full wp-image-412" src="http://markkuu.fi/wordpress/wp-content/uploads/2016/01/instagram.png" alt="instagram" width="52" height="52" /></a><a href="https://www.facebook.com/markkuunkylayhdistys/"><img loading="lazy" decoding="async" class="alignnone size-full wp-image-411" src="http://markkuu.fi/wordpress/wp-content/uploads/2016/01/facebook.png" alt="facebook" width="52" height="52" /></a><a href="https://twitter.com/markkuu_tyrnava"><img loading="lazy" decoding="async" class="alignnone size-full wp-image-407" src="http://markkuu.fi/wordpress/wp-content/uploads/2016/01/twitter-1.png" alt="twitter-1" width="52" height="52" /></a><br />
<script>// <![CDATA[ !function(d,s,id){var js,fjs=d.getElementsByTagName(s)[0],p=/^http:/.test(d.location)?'http':'https';if(!d.getElementById(id)){js=d.createElement(s);js.id=id;js.src=p+'://platform.twitter.com/widgets.js';fjs.parentNode.insertBefore(js,fjs);}}(document, 'script', 'twitter-wjs'); // ]]></script></p>

<p>Markkuun kylä sijaitsee Oulun seudulla, Tyrnävän kunnassa, noin kahdeksan kilometriä Tyrnävän keskustasta Muhokselle päin.  Naapurikuntien keskustat ovat kohtuullisen etäisyyden päässä, Kempeleeseen on noin 22 kilometriä ja Muhoksen keskustaan noin 15 kilometriä. Markkuun seudun kyläyhdistys ry Kylän kehittäminen on antoisaa pitkän tähtäimen työtä. Markkuulla perustettiin Markkuun seudun kyläyhdistys ry vuonna 1998 koordinoimaan toimintaa, jolla kylä pidetään &hellip; <a href="https://markkuu.fi/wordpress/?page_id=93" class="more-link">Jatka lukemista <span class="screen-reader-text">Lisää asiaa Markkuusta</span> <span class="meta-nav">&rarr;</span></a></p>
