{"id":934,"date":"2018-01-08T12:43:48","date_gmt":"2018-01-08T10:43:48","guid":{"rendered":"http:\/\/markkuu.fi\/wordpress\/?page_id=934"},"modified":"2025-06-07T21:52:27","modified_gmt":"2025-06-07T18:52:27","slug":"tapahtumat","status":"publish","type":"page","link":"https:\/\/markkuu.fi\/wordpress\/?page_id=934","title":{"rendered":"KYL\u00c4N TOIMINTA JA TAPAHTUMAT"},"content":{"rendered":"<div id=\"fb-root\"><\/div>\n<p><script>(function(d, s, id) {<br \/>\n  var js, fjs = d.getElementsByTagName(s)[0];<br \/>\n  if (d.getElementById(id)) return;<br \/>\n  js = d.createElement(s); js.id = id;<br \/>\n  js.src = 'https:\/\/connect.facebook.net\/fi_FI\/sdk.js#xfbml=1&version=v2.12';<br \/>\n  fjs.parentNode.insertBefore(js, fjs);<br \/>\n}(document, 'script', 'facebook-jssdk'));<\/script><\/p>\n<p>Markkuulla j\u00e4rjestet\u00e4\u00e4n useita kaikille avoimia tapahtumia vuosittain. Osa tapahtumista on vakiintuneita ja vuosittain toistuvia, osa tapahtumista laitetaan pystyyn yleis\u00f6n pyynn\u00f6st\u00e4 tai tarpeen mukaan!<\/p>\n<p>Huhtikuusta 2020 alkaen kyl\u00e4yhdistys on j\u00e4rjest\u00e4nyt tilaisuuksia ja tapahtumia my\u00f6s et\u00e4yhteyksill\u00e4. Ajankohtaiset et\u00e4tapahtumat sek\u00e4 ohjeet niihin liittymiseen l\u00f6yd\u00e4t <a href=\"http:\/\/markkuu.fi\/wordpress\/?page_id=1222\" target=\"_blank\" rel=\"noopener noreferrer\">Markkuun et\u00e4tapahtumat<\/a> -sivulta.<\/p>\n<p>N\u00e4iden sivujen lis\u00e4ksi tapahtumista tiedotetaan<a href=\"https:\/\/www.facebook.com\/markkuunkylayhdistys\" target=\"_blank\" rel=\"noopener\"> Facebookissa<\/a>, kyl\u00e4n alueelle jaettavissa Kyl\u00e4uutisissa sek\u00e4 Markkuun tiedotuskanava WhatsApp -ryhm\u00e4ss\u00e4. WhatsApp -ryhm\u00e4\u00e4n p\u00e4\u00e4set mukaan laittamalla viesti\u00e4 osoitteeseen yhdistys(at)markkuu.fi<\/p>\n<p>Tutustu tapahtumien lis\u00e4ksi my\u00f6s <a href=\"https:\/\/markkuu.fi\/wordpress\/?page_id=1237\" target=\"_blank\" rel=\"noopener\">viikottaiseen toimintaamme.<\/a><\/p>\n<h3>KES\u00c4N 2025 TAPAHTUMAT<\/h3>\n<h4><em>MARKKUUN KULTTUURIKEKKERIT 14.6. KLO 17<br \/>\n<\/em><\/h4>\n<div>Ihanat Markkuun Kulttuurikekkerit kutsuvat j\u00e4lleen kaikkia kulttuurin yst\u00e4vi\u00e4 nauttimaan yhdess\u00e4 taiteesta ja musiikista sek\u00e4 ainutlaatuisesta Galleria Conradin tunnelmasta. Galleritila on saanut siell\u00e4 esiintyneilt\u00e4 muusikoilta kehuja akustiikastaan. Tule ja totea asia itse kun lavalle astuvat Heinituuli Holopainen ja Tuukka Lukkaroinen, jotka kuljettavat meid\u00e4t laulu- ja pianomusiikin siivin Espanjasta Ranskaan ja takaisin &#8211; L&#8217;amour est un rebelle.<\/div>\n<div><\/div>\n<div>Lue lis\u00e4\u00e4 <a href=\"https:\/\/markkuu.fi\/wordpress\/?p=1666\" target=\"_blank\" rel=\"noopener\">tapahtumasivulta<\/a><\/div>\n<p>&nbsp;<\/p>\n<h3 class=\"kvgmc6g5 cxmmr5t8 oygrvhab hcukyx3x c1et5uql\"><em>OULURASTIT 28.8.2025<\/em><\/h3>\n<div><\/div>\n<div><a href=\"https:\/\/skpohjantahti.fi\/\" target=\"_blank\" rel=\"noopener\">Suunnistuskerho Pohjant\u00e4hti<\/a> j\u00e4rjest\u00e4\u00e4 Oulurastit Markkuun luontopolun maastoissa 28.8.2025. Oulurastit on koko kes\u00e4n kest\u00e4v\u00e4 sarja kuntosuunnistustapahtumia Oulun seudulla. Osallistua voi kuka tahansa ik\u00e4\u00e4n ja suunnistuskokemukseen katsomatta. <a href=\"https:\/\/oulurastit.info\/\" target=\"_blank\" rel=\"noopener\">Lis\u00e4tietoja Oulurastien nettisivuilta<\/a><\/div>\n<div class=\"kvgmc6g5 cxmmr5t8 oygrvhab hcukyx3x c1et5uql\"><\/div>\n","protected":false},"excerpt":{"rendered":"<p>Markkuulla j\u00e4rjestet\u00e4\u00e4n useita kaikille avoimia tapahtumia vuosittain. Osa tapahtumista on vakiintuneita ja vuosittain toistuvia, osa tapahtumista laitetaan pystyyn yleis\u00f6n pyynn\u00f6st\u00e4 tai tarpeen mukaan! Huhtikuusta 2020 alkaen kyl\u00e4yhdistys on j\u00e4rjest\u00e4nyt tilaisuuksia ja tapahtumia my\u00f6s et\u00e4yhteyksill\u00e4. Ajankohtaiset et\u00e4tapahtumat sek\u00e4 ohjeet niihin liittymiseen l\u00f6yd\u00e4t Markkuun et\u00e4tapahtumat -sivulta. N\u00e4iden sivujen lis\u00e4ksi tapahtumista tiedotetaan Facebookissa, kyl\u00e4n alueelle jaettavissa Kyl\u00e4uutisissa sek\u00e4 &hellip; <a href=\"https:\/\/markkuu.fi\/wordpress\/?page_id=934\" class=\"more-link\">Jatka lukemista <span class=\"screen-reader-text\">KYL\u00c4N TOIMINTA JA TAPAHTUMAT<\/span> <span class=\"meta-nav\">&rarr;<\/span><\/a><\/p>\n","protected":false},"author":3,"featured_media":0,"parent":0,"menu_order":1,"comment_status":"closed","ping_status":"closed","template":"","meta":{"footnotes":""},"class_list":["post-934","page","type-page","status-publish","hentry"],"_links":{"self":[{"href":"https:\/\/markkuu.fi\/wordpress\/index.php?rest_route=\/wp\/v2\/pages\/934","targetHints":{"allow":["GET"]}}],"collection":[{"href":"https:\/\/markkuu.fi\/wordpress\/index.php?rest_route=\/wp\/v2\/pages"}],"about":[{"href":"https:\/\/markkuu.fi\/wordpress\/index.php?rest_route=\/wp\/v2\/types\/page"}],"author":[{"embeddable":true,"href":"https:\/\/markkuu.fi\/wordpress\/index.php?rest_route=\/wp\/v2\/users\/3"}],"replies":[{"embeddable":true,"href":"https:\/\/markkuu.fi\/wordpress\/index.php?rest_route=%2Fwp%2Fv2%2Fcomments&post=934"}],"version-history":[{"count":51,"href":"https:\/\/markkuu.fi\/wordpress\/index.php?rest_route=\/wp\/v2\/pages\/934\/revisions"}],"predecessor-version":[{"id":1700,"href":"https:\/\/markkuu.fi\/wordpress\/index.php?rest_route=\/wp\/v2\/pages\/934\/revisions\/1700"}],"wp:attachment":[{"href":"https:\/\/markkuu.fi\/wordpress\/index.php?rest_route=%2Fwp%2Fv2%2Fmedia&parent=934"}],"curies":[{"name":"wp","href":"https:\/\/api.w.org\/{rel}","templated":true}]}}

KYLÄN TOIMINTA JA TAPAHTUMAT

<div id="fb-root"></div>
<p><script>(function(d, s, id) {<br />
  var js, fjs = d.getElementsByTagName(s)[0];<br />
  if (d.getElementById(id)) return;<br />
  js = d.createElement(s); js.id = id;<br />
  js.src = 'https://connect.facebook.net/fi_FI/sdk.js#xfbml=1&version=v2.12';<br />
  fjs.parentNode.insertBefore(js, fjs);<br />
}(document, 'script', 'facebook-jssdk'));</script></p>
<p>Markkuulla järjestetään useita kaikille avoimia tapahtumia vuosittain. Osa tapahtumista on vakiintuneita ja vuosittain toistuvia, osa tapahtumista laitetaan pystyyn yleisön pyynnöstä tai tarpeen mukaan!</p>
<p>Huhtikuusta 2020 alkaen kyläyhdistys on järjestänyt tilaisuuksia ja tapahtumia myös etäyhteyksillä. Ajankohtaiset etätapahtumat sekä ohjeet niihin liittymiseen löydät <a href="http://markkuu.fi/wordpress/?page_id=1222" target="_blank" rel="noopener noreferrer">Markkuun etätapahtumat</a> -sivulta.</p>
<p>Näiden sivujen lisäksi tapahtumista tiedotetaan<a href="https://www.facebook.com/markkuunkylayhdistys" target="_blank" rel="noopener"> Facebookissa</a>, kylän alueelle jaettavissa Kyläuutisissa sekä Markkuun tiedotuskanava WhatsApp -ryhmässä. WhatsApp -ryhmään pääset mukaan laittamalla viestiä osoitteeseen yhdistys(at)markkuu.fi</p>
<p>Tutustu tapahtumien lisäksi myös <a href="https://markkuu.fi/wordpress/?page_id=1237" target="_blank" rel="noopener">viikottaiseen toimintaamme.</a></p>
<h3>KESÄN 2025 TAPAHTUMAT</h3>
<h4><em>MARKKUUN KULTTUURIKEKKERIT 14.6. KLO 17<br />
</em></h4>
<div>Ihanat Markkuun Kulttuurikekkerit kutsuvat jälleen kaikkia kulttuurin ystäviä nauttimaan yhdessä taiteesta ja musiikista sekä ainutlaatuisesta Galleria Conradin tunnelmasta. Galleritila on saanut siellä esiintyneiltä muusikoilta kehuja akustiikastaan. Tule ja totea asia itse kun lavalle astuvat Heinituuli Holopainen ja Tuukka Lukkaroinen, jotka kuljettavat meidät laulu- ja pianomusiikin siivin Espanjasta Ranskaan ja takaisin &#8211; L&#8217;amour est un rebelle.</div>
<div></div>
<div>Lue lisää <a href="https://markkuu.fi/wordpress/?p=1666" target="_blank" rel="noopener">tapahtumasivulta</a></div>
<p>&nbsp;</p>
<h3 class="kvgmc6g5 cxmmr5t8 oygrvhab hcukyx3x c1et5uql"><em>OULURASTIT 28.8.2025</em></h3>
<div></div>
<div><a href="https://skpohjantahti.fi/" target="_blank" rel="noopener">Suunnistuskerho Pohjantähti</a> järjestää Oulurastit Markkuun luontopolun maastoissa 28.8.2025. Oulurastit on koko kesän kestävä sarja kuntosuunnistustapahtumia Oulun seudulla. Osallistua voi kuka tahansa ikään ja suunnistuskokemukseen katsomatta. <a href="https://oulurastit.info/" target="_blank" rel="noopener">Lisätietoja Oulurastien nettisivuilta</a></div>
<div class="kvgmc6g5 cxmmr5t8 oygrvhab hcukyx3x c1et5uql"></div>

<p>Markkuulla järjestetään useita kaikille avoimia tapahtumia vuosittain. Osa tapahtumista on vakiintuneita ja vuosittain toistuvia, osa tapahtumista laitetaan pystyyn yleisön pyynnöstä tai tarpeen mukaan! Huhtikuusta 2020 alkaen kyläyhdistys on järjestänyt tilaisuuksia ja tapahtumia myös etäyhteyksillä. Ajankohtaiset etätapahtumat sekä ohjeet niihin liittymiseen löydät Markkuun etätapahtumat -sivulta. Näiden sivujen lisäksi tapahtumista tiedotetaan Facebookissa, kylän alueelle jaettavissa Kyläuutisissa sekä &hellip; <a href="https://markkuu.fi/wordpress/?page_id=934" class="more-link">Jatka lukemista <span class="screen-reader-text">KYLÄN TOIMINTA JA TAPAHTUMAT</span> <span class="meta-nav">&rarr;</span></a></p>
